{"id":2,"date":"2009-07-20T23:28:45","date_gmt":"2009-07-20T21:28:45","guid":{"rendered":"http:\/\/www.grundschule-sasbach.de\/wp\/?page_id=2"},"modified":"2022-09-15T12:36:50","modified_gmt":"2022-09-15T10:36:50","slug":"eine-seite","status":"publish","type":"page","link":"https:\/\/www.grundschule-sasbach.de\/wp\/?page_id=2","title":{"rendered":"Wandertag"},"content":{"rendered":"<p>Da heute ein Br\u00fcckentag war, sind wir alle zusammen wandern gegangen. <a href=\"https:\/\/www.grundschule-sasbach.de\/wp\/wp-content\/uploads\/2020\/07\/Sonne_farbig.bmp\"><img loading=\"lazy\" decoding=\"async\" class=\"size-full wp-image-5348 alignright\" src=\"https:\/\/www.grundschule-sasbach.de\/wp\/wp-content\/uploads\/2020\/07\/Sonne_farbig.bmp\" alt=\"\" width=\"247\" height=\"172\" \/><\/a><\/p>\n<p>Dieses Jahr ging unser Ausflug in unserern sch\u00f6nen Orttsteil: Leiselheim.<\/p>\n<p>Zusammen wanderten wir zum Leiselheimer Stuhl.<\/p>\n<p>Ja, es soll sogar der deutsche K\u00f6nig Otto III. gewesen sein, der hier im Jahre 994 auf seiner Durchreise ein F\u00fcrstengericht abgehalten haben soll. Otto, der nach dem Tod seines Vaters bereits mit drei Jahren zum K\u00f6nig gew\u00e4hlt wurde, war damals gerade 14 Jahre alt. Es war das Jahr, in dem er nach seiner Vormundschaft die ersten selbstst\u00e4ndigen Entscheidungen traf. Als der K\u00f6nig weg war, nannten die Menschen die Region \u201eK\u00f6nigsstuhl\u201c und als Otto III. zwei Jahre sp\u00e4ter Kaiser wurde, wurde aus dem K\u00f6nigs- eben der Kaiserstuhl. Allerdings: Das Ganze ist dann doch mit einem dicken Fragezeichen zu versehen.<\/p>\n<p>Hier ein paar Eindr\u00fccke: Los geht\u00b4s&#8230;<a href=\"https:\/\/www.grundschule-sasbach.de\/wp\/wp-content\/uploads\/2022\/05\/Los-gehts....jpg\"><img loading=\"lazy\" decoding=\"async\" class=\" wp-image-5858 alignright\" src=\"https:\/\/www.grundschule-sasbach.de\/wp\/wp-content\/uploads\/2022\/05\/Los-gehts....jpg\" alt=\"\" width=\"461\" height=\"346\" srcset=\"https:\/\/www.grundschule-sasbach.de\/wp\/wp-content\/uploads\/2022\/05\/Los-gehts....jpg 800w, https:\/\/www.grundschule-sasbach.de\/wp\/wp-content\/uploads\/2022\/05\/Los-gehts...-300x225.jpg 300w, https:\/\/www.grundschule-sasbach.de\/wp\/wp-content\/uploads\/2022\/05\/Los-gehts...-768x576.jpg 768w\" sizes=\"auto, (max-width: 461px) 100vw, 461px\" \/><\/a><\/p>\n<p>&nbsp;<\/p>\n<p><a href=\"https:\/\/www.grundschule-sasbach.de\/wp\/wp-content\/uploads\/2022\/05\/Angekommen.jpg\"><img loading=\"lazy\" decoding=\"async\" class=\" wp-image-5856 alignleft\" src=\"https:\/\/www.grundschule-sasbach.de\/wp\/wp-content\/uploads\/2022\/05\/Angekommen.jpg\" alt=\"\" width=\"440\" height=\"330\" srcset=\"https:\/\/www.grundschule-sasbach.de\/wp\/wp-content\/uploads\/2022\/05\/Angekommen.jpg 800w, https:\/\/www.grundschule-sasbach.de\/wp\/wp-content\/uploads\/2022\/05\/Angekommen-300x225.jpg 300w, https:\/\/www.grundschule-sasbach.de\/wp\/wp-content\/uploads\/2022\/05\/Angekommen-768x576.jpg 768w\" sizes=\"auto, (max-width: 440px) 100vw, 440px\" \/><\/a><\/p>\n<p>&nbsp;<\/p>\n<p>&nbsp;<\/p>\n<p>&nbsp;<\/p>\n<p>&nbsp;<\/p>\n<p>&nbsp;<\/p>\n<p>&nbsp;<\/p>\n<p><a href=\"https:\/\/www.grundschule-sasbach.de\/wp\/wp-content\/uploads\/2022\/05\/Tolle-Aussicht.jpg\"><img loading=\"lazy\" decoding=\"async\" class=\"alignnone  wp-image-5859\" src=\"https:\/\/www.grundschule-sasbach.de\/wp\/wp-content\/uploads\/2022\/05\/Tolle-Aussicht.jpg\" alt=\"\" width=\"432\" height=\"324\" srcset=\"https:\/\/www.grundschule-sasbach.de\/wp\/wp-content\/uploads\/2022\/05\/Tolle-Aussicht.jpg 800w, https:\/\/www.grundschule-sasbach.de\/wp\/wp-content\/uploads\/2022\/05\/Tolle-Aussicht-300x225.jpg 300w, https:\/\/www.grundschule-sasbach.de\/wp\/wp-content\/uploads\/2022\/05\/Tolle-Aussicht-768x576.jpg 768w\" sizes=\"auto, (max-width: 432px) 100vw, 432px\" \/><\/a> <a href=\"https:\/\/www.grundschule-sasbach.de\/wp\/wp-content\/uploads\/2022\/05\/Das-Ziel-ist-in-Sicht.jpg\"><img loading=\"lazy\" decoding=\"async\" class=\"alignnone  wp-image-5857\" src=\"https:\/\/www.grundschule-sasbach.de\/wp\/wp-content\/uploads\/2022\/05\/Das-Ziel-ist-in-Sicht.jpg\" alt=\"\" width=\"455\" height=\"341\" srcset=\"https:\/\/www.grundschule-sasbach.de\/wp\/wp-content\/uploads\/2022\/05\/Das-Ziel-ist-in-Sicht.jpg 800w, https:\/\/www.grundschule-sasbach.de\/wp\/wp-content\/uploads\/2022\/05\/Das-Ziel-ist-in-Sicht-300x225.jpg 300w, https:\/\/www.grundschule-sasbach.de\/wp\/wp-content\/uploads\/2022\/05\/Das-Ziel-ist-in-Sicht-768x576.jpg 768w\" sizes=\"auto, (max-width: 455px) 100vw, 455px\" \/><\/a><\/p>\n<p>Am Stuhl angekommen.<\/p>\n<p>Erst mal Pause machen&#8230;<\/p>\n<p>Wie sch\u00f6n wir wohnen !<\/p>\n<p>Sch\u00f6n war\u00b4s..<\/p>\n<p><a href=\"https:\/\/www.grundschule-sasbach.de\/wp\/wp-content\/uploads\/2022\/05\/Wie-schoen-wir-wohnen.jpg\"><img loading=\"lazy\" decoding=\"async\" class=\"alignnone wp-image-5860\" src=\"https:\/\/www.grundschule-sasbach.de\/wp\/wp-content\/uploads\/2022\/05\/Wie-schoen-wir-wohnen.jpg\" alt=\"\" width=\"501\" height=\"376\" srcset=\"https:\/\/www.grundschule-sasbach.de\/wp\/wp-content\/uploads\/2022\/05\/Wie-schoen-wir-wohnen.jpg 800w, https:\/\/www.grundschule-sasbach.de\/wp\/wp-content\/uploads\/2022\/05\/Wie-schoen-wir-wohnen-300x225.jpg 300w, https:\/\/www.grundschule-sasbach.de\/wp\/wp-content\/uploads\/2022\/05\/Wie-schoen-wir-wohnen-768x576.jpg 768w\" sizes=\"auto, (max-width: 501px) 100vw, 501px\" \/><\/a><\/p>\n","protected":false},"excerpt":{"rendered":"<p>Da heute ein Br\u00fcckentag war, sind wir alle zusammen wandern gegangen. Dieses Jahr ging unser Ausflug in unserern sch\u00f6nen Orttsteil: Leiselheim. Zusammen wanderten wir zum Leiselheimer Stuhl. Ja, es soll sogar der deutsche K\u00f6nig Otto III. gewesen sein, der hier im Jahre 994 auf seiner Durchreise ein F\u00fcrstengericht abgehalten haben soll. Otto, der nach dem &hellip; <a href=\"https:\/\/www.grundschule-sasbach.de\/wp\/?page_id=2\" class=\"more-link\"><span class=\"screen-reader-text\">Wandertag<\/span> weiterlesen <span class=\"meta-nav\">&rarr;<\/span><\/a><\/p>\n","protected":false},"author":4,"featured_media":0,"parent":5965,"menu_order":13,"comment_status":"closed","ping_status":"open","template":"","meta":{"footnotes":""},"class_list":["post-2","page","type-page","status-publish","hentry"],"_links":{"self":[{"href":"https:\/\/www.grundschule-sasbach.de\/wp\/index.php?rest_route=\/wp\/v2\/pages\/2","targetHints":{"allow":["GET"]}}],"collection":[{"href":"https:\/\/www.grundschule-sasbach.de\/wp\/index.php?rest_route=\/wp\/v2\/pages"}],"about":[{"href":"https:\/\/www.grundschule-sasbach.de\/wp\/index.php?rest_route=\/wp\/v2\/types\/page"}],"author":[{"embeddable":true,"href":"https:\/\/www.grundschule-sasbach.de\/wp\/index.php?rest_route=\/wp\/v2\/users\/4"}],"replies":[{"embeddable":true,"href":"https:\/\/www.grundschule-sasbach.de\/wp\/index.php?rest_route=%2Fwp%2Fv2%2Fcomments&post=2"}],"version-history":[{"count":15,"href":"https:\/\/www.grundschule-sasbach.de\/wp\/index.php?rest_route=\/wp\/v2\/pages\/2\/revisions"}],"predecessor-version":[{"id":5863,"href":"https:\/\/www.grundschule-sasbach.de\/wp\/index.php?rest_route=\/wp\/v2\/pages\/2\/revisions\/5863"}],"up":[{"embeddable":true,"href":"https:\/\/www.grundschule-sasbach.de\/wp\/index.php?rest_route=\/wp\/v2\/pages\/5965"}],"wp:attachment":[{"href":"https:\/\/www.grundschule-sasbach.de\/wp\/index.php?rest_route=%2Fwp%2Fv2%2Fmedia&parent=2"}],"curies":[{"name":"wp","href":"https:\/\/api.w.org\/{rel}","templated":true}]}}

<p>Da heute ein Brückentag war, sind wir alle zusammen wandern gegangen. <a href="https://www.grundschule-sasbach.de/wp/wp-content/uploads/2020/07/Sonne_farbig.bmp"><img loading="lazy" decoding="async" class="size-full wp-image-5348 alignright" src="https://www.grundschule-sasbach.de/wp/wp-content/uploads/2020/07/Sonne_farbig.bmp" alt="" width="247" height="172" /></a></p>
<p>Dieses Jahr ging unser Ausflug in unserern schönen Orttsteil: Leiselheim.</p>
<p>Zusammen wanderten wir zum Leiselheimer Stuhl.</p>
<p>Ja, es soll sogar der deutsche König Otto III. gewesen sein, der hier im Jahre 994 auf seiner Durchreise ein Fürstengericht abgehalten haben soll. Otto, der nach dem Tod seines Vaters bereits mit drei Jahren zum König gewählt wurde, war damals gerade 14 Jahre alt. Es war das Jahr, in dem er nach seiner Vormundschaft die ersten selbstständigen Entscheidungen traf. Als der König weg war, nannten die Menschen die Region „Königsstuhl“ und als Otto III. zwei Jahre später Kaiser wurde, wurde aus dem Königs- eben der Kaiserstuhl. Allerdings: Das Ganze ist dann doch mit einem dicken Fragezeichen zu versehen.</p>
<p>Hier ein paar Eindrücke: Los geht´s&#8230;<a href="https://www.grundschule-sasbach.de/wp/wp-content/uploads/2022/05/Los-gehts....jpg"><img loading="lazy" decoding="async" class=" wp-image-5858 alignright" src="https://www.grundschule-sasbach.de/wp/wp-content/uploads/2022/05/Los-gehts....jpg" alt="" width="461" height="346" srcset="https://www.grundschule-sasbach.de/wp/wp-content/uploads/2022/05/Los-gehts....jpg 800w, https://www.grundschule-sasbach.de/wp/wp-content/uploads/2022/05/Los-gehts...-300x225.jpg 300w, https://www.grundschule-sasbach.de/wp/wp-content/uploads/2022/05/Los-gehts...-768x576.jpg 768w" sizes="auto, (max-width: 461px) 100vw, 461px" /></a></p>
<p>&nbsp;</p>
<p><a href="https://www.grundschule-sasbach.de/wp/wp-content/uploads/2022/05/Angekommen.jpg"><img loading="lazy" decoding="async" class=" wp-image-5856 alignleft" src="https://www.grundschule-sasbach.de/wp/wp-content/uploads/2022/05/Angekommen.jpg" alt="" width="440" height="330" srcset="https://www.grundschule-sasbach.de/wp/wp-content/uploads/2022/05/Angekommen.jpg 800w, https://www.grundschule-sasbach.de/wp/wp-content/uploads/2022/05/Angekommen-300x225.jpg 300w, https://www.grundschule-sasbach.de/wp/wp-content/uploads/2022/05/Angekommen-768x576.jpg 768w" sizes="auto, (max-width: 440px) 100vw, 440px" /></a></p>
<p>&nbsp;</p>
<p>&nbsp;</p>
<p>&nbsp;</p>
<p>&nbsp;</p>
<p>&nbsp;</p>
<p>&nbsp;</p>
<p><a href="https://www.grundschule-sasbach.de/wp/wp-content/uploads/2022/05/Tolle-Aussicht.jpg"><img loading="lazy" decoding="async" class="alignnone  wp-image-5859" src="https://www.grundschule-sasbach.de/wp/wp-content/uploads/2022/05/Tolle-Aussicht.jpg" alt="" width="432" height="324" srcset="https://www.grundschule-sasbach.de/wp/wp-content/uploads/2022/05/Tolle-Aussicht.jpg 800w, https://www.grundschule-sasbach.de/wp/wp-content/uploads/2022/05/Tolle-Aussicht-300x225.jpg 300w, https://www.grundschule-sasbach.de/wp/wp-content/uploads/2022/05/Tolle-Aussicht-768x576.jpg 768w" sizes="auto, (max-width: 432px) 100vw, 432px" /></a> <a href="https://www.grundschule-sasbach.de/wp/wp-content/uploads/2022/05/Das-Ziel-ist-in-Sicht.jpg"><img loading="lazy" decoding="async" class="alignnone  wp-image-5857" src="https://www.grundschule-sasbach.de/wp/wp-content/uploads/2022/05/Das-Ziel-ist-in-Sicht.jpg" alt="" width="455" height="341" srcset="https://www.grundschule-sasbach.de/wp/wp-content/uploads/2022/05/Das-Ziel-ist-in-Sicht.jpg 800w, https://www.grundschule-sasbach.de/wp/wp-content/uploads/2022/05/Das-Ziel-ist-in-Sicht-300x225.jpg 300w, https://www.grundschule-sasbach.de/wp/wp-content/uploads/2022/05/Das-Ziel-ist-in-Sicht-768x576.jpg 768w" sizes="auto, (max-width: 455px) 100vw, 455px" /></a></p>
<p>Am Stuhl angekommen.</p>
<p>Erst mal Pause machen&#8230;</p>
<p>Wie schön wir wohnen !</p>
<p>Schön war´s..</p>
<p><a href="https://www.grundschule-sasbach.de/wp/wp-content/uploads/2022/05/Wie-schoen-wir-wohnen.jpg"><img loading="lazy" decoding="async" class="alignnone wp-image-5860" src="https://www.grundschule-sasbach.de/wp/wp-content/uploads/2022/05/Wie-schoen-wir-wohnen.jpg" alt="" width="501" height="376" srcset="https://www.grundschule-sasbach.de/wp/wp-content/uploads/2022/05/Wie-schoen-wir-wohnen.jpg 800w, https://www.grundschule-sasbach.de/wp/wp-content/uploads/2022/05/Wie-schoen-wir-wohnen-300x225.jpg 300w, https://www.grundschule-sasbach.de/wp/wp-content/uploads/2022/05/Wie-schoen-wir-wohnen-768x576.jpg 768w" sizes="auto, (max-width: 501px) 100vw, 501px" /></a></p>

<p>Da heute ein Brückentag war, sind wir alle zusammen wandern gegangen. Dieses Jahr ging unser Ausflug in unserern schönen Orttsteil: Leiselheim. Zusammen wanderten wir zum Leiselheimer Stuhl. Ja, es soll sogar der deutsche König Otto III. gewesen sein, der hier im Jahre 994 auf seiner Durchreise ein Fürstengericht abgehalten haben soll. Otto, der nach dem &hellip; <a href="https://www.grundschule-sasbach.de/wp/?page_id=2" class="more-link"><span class="screen-reader-text">Wandertag</span> weiterlesen <span class="meta-nav">&rarr;</span></a></p>
