{"id":5521,"date":"2021-01-16T15:14:53","date_gmt":"2021-01-16T13:14:53","guid":{"rendered":"http:\/\/www.grundschule-sasbach.de\/wp\/?page_id=5521"},"modified":"2021-07-30T14:18:05","modified_gmt":"2021-07-30T12:18:05","slug":"corona","status":"publish","type":"page","link":"https:\/\/www.grundschule-sasbach.de\/wp\/?page_id=5521","title":{"rendered":"Corona"},"content":{"rendered":"<p>Wegen Corona mussten wir schon 1 Woche fr\u00fcher als geplant in die Weihnachtsferien gehen und auch das Neue Jahr begann ohne Pr\u00e4senzunterricht.<\/p>\n<p>Bis Ende Januar wird der Pr\u00e4senzunterricht weiter ausfallen und nur die Notgruppenkinder sind da.<\/p>\n<p>Aber was daf\u00fcr ganz toll ist, es hat so viel Schnee, dass man Schlittenfahren und Schneem\u00e4nner bauen kann, juhuuuuuu&#8230;..<\/p>\n<p>So sieht es um die Schule herum aus:<\/p>\n<p>Sasbach von oben:<\/p>\n<p><a href=\"https:\/\/www.grundschule-sasbach.de\/wp\/wp-content\/uploads\/2021\/01\/Sasbach-von-oben.jpg\"><img loading=\"lazy\" decoding=\"async\" class=\"alignnone size-full wp-image-5522\" src=\"https:\/\/www.grundschule-sasbach.de\/wp\/wp-content\/uploads\/2021\/01\/Sasbach-von-oben.jpg\" alt=\"\" width=\"800\" height=\"600\" srcset=\"https:\/\/www.grundschule-sasbach.de\/wp\/wp-content\/uploads\/2021\/01\/Sasbach-von-oben.jpg 800w, https:\/\/www.grundschule-sasbach.de\/wp\/wp-content\/uploads\/2021\/01\/Sasbach-von-oben-300x225.jpg 300w, https:\/\/www.grundschule-sasbach.de\/wp\/wp-content\/uploads\/2021\/01\/Sasbach-von-oben-768x576.jpg 768w\" sizes=\"auto, (max-width: 800px) 100vw, 800px\" \/><\/a><\/p>\n<p><a href=\"https:\/\/www.grundschule-sasbach.de\/wp\/wp-content\/uploads\/2021\/01\/Aussicht-zum-Eichert.jpg\"><img loading=\"lazy\" decoding=\"async\" class=\"alignnone size-full wp-image-5523\" src=\"https:\/\/www.grundschule-sasbach.de\/wp\/wp-content\/uploads\/2021\/01\/Aussicht-zum-Eichert.jpg\" alt=\"\" width=\"800\" height=\"600\" srcset=\"https:\/\/www.grundschule-sasbach.de\/wp\/wp-content\/uploads\/2021\/01\/Aussicht-zum-Eichert.jpg 800w, https:\/\/www.grundschule-sasbach.de\/wp\/wp-content\/uploads\/2021\/01\/Aussicht-zum-Eichert-300x225.jpg 300w, https:\/\/www.grundschule-sasbach.de\/wp\/wp-content\/uploads\/2021\/01\/Aussicht-zum-Eichert-768x576.jpg 768w\" sizes=\"auto, (max-width: 800px) 100vw, 800px\" \/><\/a><\/p>\n<p>So viel Schnee hat unser Schuldrache noch nie gesehen&#8230;.<a href=\"https:\/\/www.grundschule-sasbach.de\/wp\/wp-content\/uploads\/2021\/01\/Der-Schuldrache.jpg\"><img loading=\"lazy\" decoding=\"async\" class=\"alignnone size-large wp-image-5524\" src=\"https:\/\/www.grundschule-sasbach.de\/wp\/wp-content\/uploads\/2021\/01\/Der-Schuldrache-768x1024.jpg\" alt=\"\" width=\"604\" height=\"805\" srcset=\"https:\/\/www.grundschule-sasbach.de\/wp\/wp-content\/uploads\/2021\/01\/Der-Schuldrache-768x1023.jpg 768w, https:\/\/www.grundschule-sasbach.de\/wp\/wp-content\/uploads\/2021\/01\/Der-Schuldrache-225x300.jpg 225w, https:\/\/www.grundschule-sasbach.de\/wp\/wp-content\/uploads\/2021\/01\/Der-Schuldrache.jpg 800w\" sizes=\"auto, (max-width: 604px) 100vw, 604px\" \/><\/a> <a href=\"https:\/\/www.grundschule-sasbach.de\/wp\/wp-content\/uploads\/2021\/01\/Schulhof.jpg\"><img loading=\"lazy\" decoding=\"async\" class=\"alignnone size-large wp-image-5525\" src=\"https:\/\/www.grundschule-sasbach.de\/wp\/wp-content\/uploads\/2021\/01\/Schulhof.jpg\" alt=\"\" width=\"604\" height=\"453\" srcset=\"https:\/\/www.grundschule-sasbach.de\/wp\/wp-content\/uploads\/2021\/01\/Schulhof.jpg 800w, https:\/\/www.grundschule-sasbach.de\/wp\/wp-content\/uploads\/2021\/01\/Schulhof-300x225.jpg 300w, https:\/\/www.grundschule-sasbach.de\/wp\/wp-content\/uploads\/2021\/01\/Schulhof-768x576.jpg 768w\" sizes=\"auto, (max-width: 604px) 100vw, 604px\" \/><\/a> <a href=\"https:\/\/www.grundschule-sasbach.de\/wp\/wp-content\/uploads\/2021\/01\/So-viel-Schnee.jpg\"><img loading=\"lazy\" decoding=\"async\" class=\"alignnone size-large wp-image-5526\" src=\"https:\/\/www.grundschule-sasbach.de\/wp\/wp-content\/uploads\/2021\/01\/So-viel-Schnee.jpg\" alt=\"\" width=\"604\" height=\"453\" srcset=\"https:\/\/www.grundschule-sasbach.de\/wp\/wp-content\/uploads\/2021\/01\/So-viel-Schnee.jpg 800w, https:\/\/www.grundschule-sasbach.de\/wp\/wp-content\/uploads\/2021\/01\/So-viel-Schnee-300x225.jpg 300w, https:\/\/www.grundschule-sasbach.de\/wp\/wp-content\/uploads\/2021\/01\/So-viel-Schnee-768x576.jpg 768w\" sizes=\"auto, (max-width: 604px) 100vw, 604px\" \/><\/a> <a href=\"https:\/\/www.grundschule-sasbach.de\/wp\/wp-content\/uploads\/2021\/01\/Unser-Piratenschiff.jpg\"><img loading=\"lazy\" decoding=\"async\" class=\"alignnone size-large wp-image-5527\" src=\"https:\/\/www.grundschule-sasbach.de\/wp\/wp-content\/uploads\/2021\/01\/Unser-Piratenschiff.jpg\" alt=\"\" width=\"604\" height=\"453\" srcset=\"https:\/\/www.grundschule-sasbach.de\/wp\/wp-content\/uploads\/2021\/01\/Unser-Piratenschiff.jpg 800w, https:\/\/www.grundschule-sasbach.de\/wp\/wp-content\/uploads\/2021\/01\/Unser-Piratenschiff-300x225.jpg 300w, https:\/\/www.grundschule-sasbach.de\/wp\/wp-content\/uploads\/2021\/01\/Unser-Piratenschiff-768x576.jpg 768w\" sizes=\"auto, (max-width: 604px) 100vw, 604px\" \/><\/a> <a href=\"https:\/\/www.grundschule-sasbach.de\/wp\/wp-content\/uploads\/2021\/01\/Unsere-Schule.jpg\"><img loading=\"lazy\" decoding=\"async\" class=\"alignnone size-large wp-image-5528\" src=\"https:\/\/www.grundschule-sasbach.de\/wp\/wp-content\/uploads\/2021\/01\/Unsere-Schule.jpg\" alt=\"\" width=\"604\" height=\"453\" srcset=\"https:\/\/www.grundschule-sasbach.de\/wp\/wp-content\/uploads\/2021\/01\/Unsere-Schule.jpg 800w, https:\/\/www.grundschule-sasbach.de\/wp\/wp-content\/uploads\/2021\/01\/Unsere-Schule-300x225.jpg 300w, https:\/\/www.grundschule-sasbach.de\/wp\/wp-content\/uploads\/2021\/01\/Unsere-Schule-768x576.jpg 768w\" sizes=\"auto, (max-width: 604px) 100vw, 604px\" \/><\/a><\/p>\n<p><a href=\"https:\/\/www.grundschule-sasbach.de\/wp\/wp-content\/uploads\/2020\/12\/Kinder2.gif\"><img loading=\"lazy\" decoding=\"async\" class=\"wp-image-5489 alignright\" src=\"https:\/\/www.grundschule-sasbach.de\/wp\/wp-content\/uploads\/2020\/12\/Kinder2.gif\" alt=\"\" width=\"196\" height=\"165\" \/><\/a><a href=\"https:\/\/www.grundschule-sasbach.de\/wp\/wp-content\/uploads\/2021\/01\/Schiff-Ahoi-.jpg\"><img loading=\"lazy\" decoding=\"async\" class=\"alignnone size-full wp-image-5532\" src=\"https:\/\/www.grundschule-sasbach.de\/wp\/wp-content\/uploads\/2021\/01\/Schiff-Ahoi-.jpg\" alt=\"\" width=\"800\" height=\"533\" srcset=\"https:\/\/www.grundschule-sasbach.de\/wp\/wp-content\/uploads\/2021\/01\/Schiff-Ahoi-.jpg 800w, https:\/\/www.grundschule-sasbach.de\/wp\/wp-content\/uploads\/2021\/01\/Schiff-Ahoi--300x200.jpg 300w, https:\/\/www.grundschule-sasbach.de\/wp\/wp-content\/uploads\/2021\/01\/Schiff-Ahoi--768x512.jpg 768w\" sizes=\"auto, (max-width: 800px) 100vw, 800px\" \/><\/a><\/p>\n","protected":false},"excerpt":{"rendered":"<p>Wegen Corona mussten wir schon 1 Woche fr\u00fcher als geplant in die Weihnachtsferien gehen und auch das Neue Jahr begann ohne Pr\u00e4senzunterricht. Bis Ende Januar wird der Pr\u00e4senzunterricht weiter ausfallen und nur die Notgruppenkinder sind da. Aber was daf\u00fcr ganz toll ist, es hat so viel Schnee, dass man Schlittenfahren und Schneem\u00e4nner bauen kann, juhuuuuuu&#8230;.. &hellip; <a href=\"https:\/\/www.grundschule-sasbach.de\/wp\/?page_id=5521\" class=\"more-link\"><span class=\"screen-reader-text\">Corona<\/span> weiterlesen <span class=\"meta-nav\">&rarr;<\/span><\/a><\/p>\n","protected":false},"author":4,"featured_media":0,"parent":5610,"menu_order":6,"comment_status":"closed","ping_status":"closed","template":"","meta":{"footnotes":""},"class_list":["post-5521","page","type-page","status-publish","hentry"],"_links":{"self":[{"href":"https:\/\/www.grundschule-sasbach.de\/wp\/index.php?rest_route=\/wp\/v2\/pages\/5521","targetHints":{"allow":["GET"]}}],"collection":[{"href":"https:\/\/www.grundschule-sasbach.de\/wp\/index.php?rest_route=\/wp\/v2\/pages"}],"about":[{"href":"https:\/\/www.grundschule-sasbach.de\/wp\/index.php?rest_route=\/wp\/v2\/types\/page"}],"author":[{"embeddable":true,"href":"https:\/\/www.grundschule-sasbach.de\/wp\/index.php?rest_route=\/wp\/v2\/users\/4"}],"replies":[{"embeddable":true,"href":"https:\/\/www.grundschule-sasbach.de\/wp\/index.php?rest_route=%2Fwp%2Fv2%2Fcomments&post=5521"}],"version-history":[{"count":4,"href":"https:\/\/www.grundschule-sasbach.de\/wp\/index.php?rest_route=\/wp\/v2\/pages\/5521\/revisions"}],"predecessor-version":[{"id":5533,"href":"https:\/\/www.grundschule-sasbach.de\/wp\/index.php?rest_route=\/wp\/v2\/pages\/5521\/revisions\/5533"}],"up":[{"embeddable":true,"href":"https:\/\/www.grundschule-sasbach.de\/wp\/index.php?rest_route=\/wp\/v2\/pages\/5610"}],"wp:attachment":[{"href":"https:\/\/www.grundschule-sasbach.de\/wp\/index.php?rest_route=%2Fwp%2Fv2%2Fmedia&parent=5521"}],"curies":[{"name":"wp","href":"https:\/\/api.w.org\/{rel}","templated":true}]}}

<p>Wegen Corona mussten wir schon 1 Woche früher als geplant in die Weihnachtsferien gehen und auch das Neue Jahr begann ohne Präsenzunterricht.</p>
<p>Bis Ende Januar wird der Präsenzunterricht weiter ausfallen und nur die Notgruppenkinder sind da.</p>
<p>Aber was dafür ganz toll ist, es hat so viel Schnee, dass man Schlittenfahren und Schneemänner bauen kann, juhuuuuuu&#8230;..</p>
<p>So sieht es um die Schule herum aus:</p>
<p>Sasbach von oben:</p>
<p><a href="https://www.grundschule-sasbach.de/wp/wp-content/uploads/2021/01/Sasbach-von-oben.jpg"><img loading="lazy" decoding="async" class="alignnone size-full wp-image-5522" src="https://www.grundschule-sasbach.de/wp/wp-content/uploads/2021/01/Sasbach-von-oben.jpg" alt="" width="800" height="600" srcset="https://www.grundschule-sasbach.de/wp/wp-content/uploads/2021/01/Sasbach-von-oben.jpg 800w, https://www.grundschule-sasbach.de/wp/wp-content/uploads/2021/01/Sasbach-von-oben-300x225.jpg 300w, https://www.grundschule-sasbach.de/wp/wp-content/uploads/2021/01/Sasbach-von-oben-768x576.jpg 768w" sizes="auto, (max-width: 800px) 100vw, 800px" /></a></p>
<p><a href="https://www.grundschule-sasbach.de/wp/wp-content/uploads/2021/01/Aussicht-zum-Eichert.jpg"><img loading="lazy" decoding="async" class="alignnone size-full wp-image-5523" src="https://www.grundschule-sasbach.de/wp/wp-content/uploads/2021/01/Aussicht-zum-Eichert.jpg" alt="" width="800" height="600" srcset="https://www.grundschule-sasbach.de/wp/wp-content/uploads/2021/01/Aussicht-zum-Eichert.jpg 800w, https://www.grundschule-sasbach.de/wp/wp-content/uploads/2021/01/Aussicht-zum-Eichert-300x225.jpg 300w, https://www.grundschule-sasbach.de/wp/wp-content/uploads/2021/01/Aussicht-zum-Eichert-768x576.jpg 768w" sizes="auto, (max-width: 800px) 100vw, 800px" /></a></p>
<p>So viel Schnee hat unser Schuldrache noch nie gesehen&#8230;.<a href="https://www.grundschule-sasbach.de/wp/wp-content/uploads/2021/01/Der-Schuldrache.jpg"><img loading="lazy" decoding="async" class="alignnone size-large wp-image-5524" src="https://www.grundschule-sasbach.de/wp/wp-content/uploads/2021/01/Der-Schuldrache-768x1024.jpg" alt="" width="604" height="805" srcset="https://www.grundschule-sasbach.de/wp/wp-content/uploads/2021/01/Der-Schuldrache-768x1023.jpg 768w, https://www.grundschule-sasbach.de/wp/wp-content/uploads/2021/01/Der-Schuldrache-225x300.jpg 225w, https://www.grundschule-sasbach.de/wp/wp-content/uploads/2021/01/Der-Schuldrache.jpg 800w" sizes="auto, (max-width: 604px) 100vw, 604px" /></a> <a href="https://www.grundschule-sasbach.de/wp/wp-content/uploads/2021/01/Schulhof.jpg"><img loading="lazy" decoding="async" class="alignnone size-large wp-image-5525" src="https://www.grundschule-sasbach.de/wp/wp-content/uploads/2021/01/Schulhof.jpg" alt="" width="604" height="453" srcset="https://www.grundschule-sasbach.de/wp/wp-content/uploads/2021/01/Schulhof.jpg 800w, https://www.grundschule-sasbach.de/wp/wp-content/uploads/2021/01/Schulhof-300x225.jpg 300w, https://www.grundschule-sasbach.de/wp/wp-content/uploads/2021/01/Schulhof-768x576.jpg 768w" sizes="auto, (max-width: 604px) 100vw, 604px" /></a> <a href="https://www.grundschule-sasbach.de/wp/wp-content/uploads/2021/01/So-viel-Schnee.jpg"><img loading="lazy" decoding="async" class="alignnone size-large wp-image-5526" src="https://www.grundschule-sasbach.de/wp/wp-content/uploads/2021/01/So-viel-Schnee.jpg" alt="" width="604" height="453" srcset="https://www.grundschule-sasbach.de/wp/wp-content/uploads/2021/01/So-viel-Schnee.jpg 800w, https://www.grundschule-sasbach.de/wp/wp-content/uploads/2021/01/So-viel-Schnee-300x225.jpg 300w, https://www.grundschule-sasbach.de/wp/wp-content/uploads/2021/01/So-viel-Schnee-768x576.jpg 768w" sizes="auto, (max-width: 604px) 100vw, 604px" /></a> <a href="https://www.grundschule-sasbach.de/wp/wp-content/uploads/2021/01/Unser-Piratenschiff.jpg"><img loading="lazy" decoding="async" class="alignnone size-large wp-image-5527" src="https://www.grundschule-sasbach.de/wp/wp-content/uploads/2021/01/Unser-Piratenschiff.jpg" alt="" width="604" height="453" srcset="https://www.grundschule-sasbach.de/wp/wp-content/uploads/2021/01/Unser-Piratenschiff.jpg 800w, https://www.grundschule-sasbach.de/wp/wp-content/uploads/2021/01/Unser-Piratenschiff-300x225.jpg 300w, https://www.grundschule-sasbach.de/wp/wp-content/uploads/2021/01/Unser-Piratenschiff-768x576.jpg 768w" sizes="auto, (max-width: 604px) 100vw, 604px" /></a> <a href="https://www.grundschule-sasbach.de/wp/wp-content/uploads/2021/01/Unsere-Schule.jpg"><img loading="lazy" decoding="async" class="alignnone size-large wp-image-5528" src="https://www.grundschule-sasbach.de/wp/wp-content/uploads/2021/01/Unsere-Schule.jpg" alt="" width="604" height="453" srcset="https://www.grundschule-sasbach.de/wp/wp-content/uploads/2021/01/Unsere-Schule.jpg 800w, https://www.grundschule-sasbach.de/wp/wp-content/uploads/2021/01/Unsere-Schule-300x225.jpg 300w, https://www.grundschule-sasbach.de/wp/wp-content/uploads/2021/01/Unsere-Schule-768x576.jpg 768w" sizes="auto, (max-width: 604px) 100vw, 604px" /></a></p>
<p><a href="https://www.grundschule-sasbach.de/wp/wp-content/uploads/2020/12/Kinder2.gif"><img loading="lazy" decoding="async" class="wp-image-5489 alignright" src="https://www.grundschule-sasbach.de/wp/wp-content/uploads/2020/12/Kinder2.gif" alt="" width="196" height="165" /></a><a href="https://www.grundschule-sasbach.de/wp/wp-content/uploads/2021/01/Schiff-Ahoi-.jpg"><img loading="lazy" decoding="async" class="alignnone size-full wp-image-5532" src="https://www.grundschule-sasbach.de/wp/wp-content/uploads/2021/01/Schiff-Ahoi-.jpg" alt="" width="800" height="533" srcset="https://www.grundschule-sasbach.de/wp/wp-content/uploads/2021/01/Schiff-Ahoi-.jpg 800w, https://www.grundschule-sasbach.de/wp/wp-content/uploads/2021/01/Schiff-Ahoi--300x200.jpg 300w, https://www.grundschule-sasbach.de/wp/wp-content/uploads/2021/01/Schiff-Ahoi--768x512.jpg 768w" sizes="auto, (max-width: 800px) 100vw, 800px" /></a></p>

<p>Wegen Corona mussten wir schon 1 Woche früher als geplant in die Weihnachtsferien gehen und auch das Neue Jahr begann ohne Präsenzunterricht. Bis Ende Januar wird der Präsenzunterricht weiter ausfallen und nur die Notgruppenkinder sind da. Aber was dafür ganz toll ist, es hat so viel Schnee, dass man Schlittenfahren und Schneemänner bauen kann, juhuuuuuu&#8230;.. &hellip; <a href="https://www.grundschule-sasbach.de/wp/?page_id=5521" class="more-link"><span class="screen-reader-text">Corona</span> weiterlesen <span class="meta-nav">&rarr;</span></a></p>
