{"id":5683,"date":"2021-10-01T18:23:06","date_gmt":"2021-10-01T16:23:06","guid":{"rendered":"https:\/\/www.grundschule-sasbach.de\/wp\/?page_id=5683"},"modified":"2022-09-15T12:36:50","modified_gmt":"2022-09-15T10:36:50","slug":"60-geburtstag","status":"publish","type":"page","link":"https:\/\/www.grundschule-sasbach.de\/wp\/?page_id=5683","title":{"rendered":"60. Geburtstag"},"content":{"rendered":"<h3><a href=\"https:\/\/www.grundschule-sasbach.de\/wp\/wp-content\/uploads\/2021\/10\/Alles-Gute-zum-Geburtstag.jpg\"><img loading=\"lazy\" decoding=\"async\" class=\"alignnone size-full wp-image-5684\" src=\"https:\/\/www.grundschule-sasbach.de\/wp\/wp-content\/uploads\/2021\/10\/Alles-Gute-zum-Geburtstag.jpg\" alt=\"\" width=\"800\" height=\"533\" srcset=\"https:\/\/www.grundschule-sasbach.de\/wp\/wp-content\/uploads\/2021\/10\/Alles-Gute-zum-Geburtstag.jpg 800w, https:\/\/www.grundschule-sasbach.de\/wp\/wp-content\/uploads\/2021\/10\/Alles-Gute-zum-Geburtstag-300x200.jpg 300w, https:\/\/www.grundschule-sasbach.de\/wp\/wp-content\/uploads\/2021\/10\/Alles-Gute-zum-Geburtstag-768x512.jpg 768w\" sizes=\"auto, (max-width: 800px) 100vw, 800px\" \/><span style=\"color: #ff0000;\">Wieder einmal gab es einen besonderen Grund zum Feiern.<\/span><\/a><\/h3>\n<p>Frau M. wurde 60 Jahre alt.<\/p>\n<p>Diese Anl\u00e4sse feiern wir immer mit allen Kindern zusammen.<\/p>\n<p>Bei wundersch\u00f6nem Sonnenschein <a href=\"https:\/\/www.grundschule-sasbach.de\/wp\/wp-content\/uploads\/2020\/07\/Sonne_farbig.bmp\"><img loading=\"lazy\" decoding=\"async\" class=\"alignnone wp-image-5348\" src=\"https:\/\/www.grundschule-sasbach.de\/wp\/wp-content\/uploads\/2020\/07\/Sonne_farbig.bmp\" alt=\"\" width=\"146\" height=\"102\" \/><span style=\"color: #000000;\">empfingen wir das &#8222;Geburtstagskind&#8220; im Hof mit dem Geburtstagslied: Herzlichen Gl\u00fcckwunsch.<\/span><\/a><\/p>\n<p><a href=\"https:\/\/www.grundschule-sasbach.de\/wp\/wp-content\/uploads\/2021\/10\/Alle-gratulieren.jpg\"><img loading=\"lazy\" decoding=\"async\" class=\"alignnone size-full wp-image-5685\" src=\"https:\/\/www.grundschule-sasbach.de\/wp\/wp-content\/uploads\/2021\/10\/Alle-gratulieren.jpg\" alt=\"\" width=\"800\" height=\"533\" srcset=\"https:\/\/www.grundschule-sasbach.de\/wp\/wp-content\/uploads\/2021\/10\/Alle-gratulieren.jpg 800w, https:\/\/www.grundschule-sasbach.de\/wp\/wp-content\/uploads\/2021\/10\/Alle-gratulieren-300x200.jpg 300w, https:\/\/www.grundschule-sasbach.de\/wp\/wp-content\/uploads\/2021\/10\/Alle-gratulieren-768x512.jpg 768w\" sizes=\"auto, (max-width: 800px) 100vw, 800px\" \/><\/a><\/p>\n<p>Die neue 3. Klasse hat zusammen ein Gedicht vorgetragen und von den Kollegen gab es herzliche Gl\u00fcckw\u00fcnsche zum neuen Lebensjahr&#8230;.<\/p>\n<p><a href=\"https:\/\/www.grundschule-sasbach.de\/wp\/wp-content\/uploads\/2021\/10\/Ihre-neue-KLasse.jpg\"><img loading=\"lazy\" decoding=\"async\" class=\"alignnone size-full wp-image-5686\" src=\"https:\/\/www.grundschule-sasbach.de\/wp\/wp-content\/uploads\/2021\/10\/Ihre-neue-KLasse.jpg\" alt=\"\" width=\"800\" height=\"533\" srcset=\"https:\/\/www.grundschule-sasbach.de\/wp\/wp-content\/uploads\/2021\/10\/Ihre-neue-KLasse.jpg 800w, https:\/\/www.grundschule-sasbach.de\/wp\/wp-content\/uploads\/2021\/10\/Ihre-neue-KLasse-300x200.jpg 300w, https:\/\/www.grundschule-sasbach.de\/wp\/wp-content\/uploads\/2021\/10\/Ihre-neue-KLasse-768x512.jpg 768w\" sizes=\"auto, (max-width: 800px) 100vw, 800px\" \/><\/a><\/p>\n<p>&#8230; und viele gute W\u00fcnsche !<\/p>\n<p><a href=\"https:\/\/www.grundschule-sasbach.de\/wp\/wp-content\/uploads\/2021\/10\/Sonnenblumen-Wuensche.jpg\"><img loading=\"lazy\" decoding=\"async\" class=\"alignnone size-full wp-image-5687\" src=\"https:\/\/www.grundschule-sasbach.de\/wp\/wp-content\/uploads\/2021\/10\/Sonnenblumen-Wuensche.jpg\" alt=\"\" width=\"300\" height=\"450\" srcset=\"https:\/\/www.grundschule-sasbach.de\/wp\/wp-content\/uploads\/2021\/10\/Sonnenblumen-Wuensche.jpg 300w, https:\/\/www.grundschule-sasbach.de\/wp\/wp-content\/uploads\/2021\/10\/Sonnenblumen-Wuensche-200x300.jpg 200w\" sizes=\"auto, (max-width: 300px) 100vw, 300px\" \/><\/a><\/p>\n","protected":false},"excerpt":{"rendered":"<p>Wieder einmal gab es einen besonderen Grund zum Feiern. Frau M. wurde 60 Jahre alt. Diese Anl\u00e4sse feiern wir immer mit allen Kindern zusammen. Bei wundersch\u00f6nem Sonnenschein empfingen wir das &#8222;Geburtstagskind&#8220; im Hof mit dem Geburtstagslied: Herzlichen Gl\u00fcckwunsch. Die neue 3. Klasse hat zusammen ein Gedicht vorgetragen und von den Kollegen gab es herzliche Gl\u00fcckw\u00fcnsche &hellip; <a href=\"https:\/\/www.grundschule-sasbach.de\/wp\/?page_id=5683\" class=\"more-link\"><span class=\"screen-reader-text\">60. Geburtstag<\/span> weiterlesen <span class=\"meta-nav\">&rarr;<\/span><\/a><\/p>\n","protected":false},"author":4,"featured_media":0,"parent":5965,"menu_order":2,"comment_status":"closed","ping_status":"closed","template":"","meta":{"footnotes":""},"class_list":["post-5683","page","type-page","status-publish","hentry"],"_links":{"self":[{"href":"https:\/\/www.grundschule-sasbach.de\/wp\/index.php?rest_route=\/wp\/v2\/pages\/5683","targetHints":{"allow":["GET"]}}],"collection":[{"href":"https:\/\/www.grundschule-sasbach.de\/wp\/index.php?rest_route=\/wp\/v2\/pages"}],"about":[{"href":"https:\/\/www.grundschule-sasbach.de\/wp\/index.php?rest_route=\/wp\/v2\/types\/page"}],"author":[{"embeddable":true,"href":"https:\/\/www.grundschule-sasbach.de\/wp\/index.php?rest_route=\/wp\/v2\/users\/4"}],"replies":[{"embeddable":true,"href":"https:\/\/www.grundschule-sasbach.de\/wp\/index.php?rest_route=%2Fwp%2Fv2%2Fcomments&post=5683"}],"version-history":[{"count":1,"href":"https:\/\/www.grundschule-sasbach.de\/wp\/index.php?rest_route=\/wp\/v2\/pages\/5683\/revisions"}],"predecessor-version":[{"id":5688,"href":"https:\/\/www.grundschule-sasbach.de\/wp\/index.php?rest_route=\/wp\/v2\/pages\/5683\/revisions\/5688"}],"up":[{"embeddable":true,"href":"https:\/\/www.grundschule-sasbach.de\/wp\/index.php?rest_route=\/wp\/v2\/pages\/5965"}],"wp:attachment":[{"href":"https:\/\/www.grundschule-sasbach.de\/wp\/index.php?rest_route=%2Fwp%2Fv2%2Fmedia&parent=5683"}],"curies":[{"name":"wp","href":"https:\/\/api.w.org\/{rel}","templated":true}]}}

<h3><a href="https://www.grundschule-sasbach.de/wp/wp-content/uploads/2021/10/Alles-Gute-zum-Geburtstag.jpg"><img loading="lazy" decoding="async" class="alignnone size-full wp-image-5684" src="https://www.grundschule-sasbach.de/wp/wp-content/uploads/2021/10/Alles-Gute-zum-Geburtstag.jpg" alt="" width="800" height="533" srcset="https://www.grundschule-sasbach.de/wp/wp-content/uploads/2021/10/Alles-Gute-zum-Geburtstag.jpg 800w, https://www.grundschule-sasbach.de/wp/wp-content/uploads/2021/10/Alles-Gute-zum-Geburtstag-300x200.jpg 300w, https://www.grundschule-sasbach.de/wp/wp-content/uploads/2021/10/Alles-Gute-zum-Geburtstag-768x512.jpg 768w" sizes="auto, (max-width: 800px) 100vw, 800px" /><span style="color: #ff0000;">Wieder einmal gab es einen besonderen Grund zum Feiern.</span></a></h3>
<p>Frau M. wurde 60 Jahre alt.</p>
<p>Diese Anlässe feiern wir immer mit allen Kindern zusammen.</p>
<p>Bei wunderschönem Sonnenschein <a href="https://www.grundschule-sasbach.de/wp/wp-content/uploads/2020/07/Sonne_farbig.bmp"><img loading="lazy" decoding="async" class="alignnone wp-image-5348" src="https://www.grundschule-sasbach.de/wp/wp-content/uploads/2020/07/Sonne_farbig.bmp" alt="" width="146" height="102" /><span style="color: #000000;">empfingen wir das &#8222;Geburtstagskind&#8220; im Hof mit dem Geburtstagslied: Herzlichen Glückwunsch.</span></a></p>
<p><a href="https://www.grundschule-sasbach.de/wp/wp-content/uploads/2021/10/Alle-gratulieren.jpg"><img loading="lazy" decoding="async" class="alignnone size-full wp-image-5685" src="https://www.grundschule-sasbach.de/wp/wp-content/uploads/2021/10/Alle-gratulieren.jpg" alt="" width="800" height="533" srcset="https://www.grundschule-sasbach.de/wp/wp-content/uploads/2021/10/Alle-gratulieren.jpg 800w, https://www.grundschule-sasbach.de/wp/wp-content/uploads/2021/10/Alle-gratulieren-300x200.jpg 300w, https://www.grundschule-sasbach.de/wp/wp-content/uploads/2021/10/Alle-gratulieren-768x512.jpg 768w" sizes="auto, (max-width: 800px) 100vw, 800px" /></a></p>
<p>Die neue 3. Klasse hat zusammen ein Gedicht vorgetragen und von den Kollegen gab es herzliche Glückwünsche zum neuen Lebensjahr&#8230;.</p>
<p><a href="https://www.grundschule-sasbach.de/wp/wp-content/uploads/2021/10/Ihre-neue-KLasse.jpg"><img loading="lazy" decoding="async" class="alignnone size-full wp-image-5686" src="https://www.grundschule-sasbach.de/wp/wp-content/uploads/2021/10/Ihre-neue-KLasse.jpg" alt="" width="800" height="533" srcset="https://www.grundschule-sasbach.de/wp/wp-content/uploads/2021/10/Ihre-neue-KLasse.jpg 800w, https://www.grundschule-sasbach.de/wp/wp-content/uploads/2021/10/Ihre-neue-KLasse-300x200.jpg 300w, https://www.grundschule-sasbach.de/wp/wp-content/uploads/2021/10/Ihre-neue-KLasse-768x512.jpg 768w" sizes="auto, (max-width: 800px) 100vw, 800px" /></a></p>
<p>&#8230; und viele gute Wünsche !</p>
<p><a href="https://www.grundschule-sasbach.de/wp/wp-content/uploads/2021/10/Sonnenblumen-Wuensche.jpg"><img loading="lazy" decoding="async" class="alignnone size-full wp-image-5687" src="https://www.grundschule-sasbach.de/wp/wp-content/uploads/2021/10/Sonnenblumen-Wuensche.jpg" alt="" width="300" height="450" srcset="https://www.grundschule-sasbach.de/wp/wp-content/uploads/2021/10/Sonnenblumen-Wuensche.jpg 300w, https://www.grundschule-sasbach.de/wp/wp-content/uploads/2021/10/Sonnenblumen-Wuensche-200x300.jpg 200w" sizes="auto, (max-width: 300px) 100vw, 300px" /></a></p>

<p>Wieder einmal gab es einen besonderen Grund zum Feiern. Frau M. wurde 60 Jahre alt. Diese Anlässe feiern wir immer mit allen Kindern zusammen. Bei wunderschönem Sonnenschein empfingen wir das &#8222;Geburtstagskind&#8220; im Hof mit dem Geburtstagslied: Herzlichen Glückwunsch. Die neue 3. Klasse hat zusammen ein Gedicht vorgetragen und von den Kollegen gab es herzliche Glückwünsche &hellip; <a href="https://www.grundschule-sasbach.de/wp/?page_id=5683" class="more-link"><span class="screen-reader-text">60. Geburtstag</span> weiterlesen <span class="meta-nav">&rarr;</span></a></p>
