{"id":5982,"date":"2022-09-15T13:12:07","date_gmt":"2022-09-15T11:12:07","guid":{"rendered":"https:\/\/www.grundschule-sasbach.de\/wp\/?page_id=5982"},"modified":"2023-09-21T15:34:18","modified_gmt":"2023-09-21T13:34:18","slug":"einschulung","status":"publish","type":"page","link":"https:\/\/www.grundschule-sasbach.de\/wp\/?page_id=5982","title":{"rendered":"Einschulung"},"content":{"rendered":"<h4><span style=\"font-size: 14pt; font-family: comic sans ms, sans-serif;\">Einschulung am Mittwoch, den 14. September 2022<\/span><\/h4>\n<p><span style=\"font-size: 14pt; font-family: comic sans ms, sans-serif;\">Die Einschulung fand dieses Jahr<a href=\"https:\/\/www.grundschule-sasbach.de\/wp\/wp-content\/uploads\/2021\/09\/Willkommen.jpg\">\u00a0<\/a> wieder am Mittwoch statt.<\/span><\/p>\n<p><span style=\"font-size: 14pt; font-family: comic sans ms, sans-serif;\">Die 2 Klassenlehrerinnen und Jo-jo, das Fibeltier freuen sich schon sehr !<\/span><\/p>\n<p><a href=\"https:\/\/www.grundschule-sasbach.de\/wp\/wp-content\/uploads\/2022\/09\/Frau-Hauser-und-Frau-Moser.jpg\"><img loading=\"lazy\" decoding=\"async\" class=\"alignnone size-medium wp-image-5987\" src=\"https:\/\/www.grundschule-sasbach.de\/wp\/wp-content\/uploads\/2022\/09\/Frau-Hauser-und-Frau-Moser-300x200.jpg\" alt=\"\" width=\"300\" height=\"200\" srcset=\"https:\/\/www.grundschule-sasbach.de\/wp\/wp-content\/uploads\/2022\/09\/Frau-Hauser-und-Frau-Moser-300x200.jpg 300w, https:\/\/www.grundschule-sasbach.de\/wp\/wp-content\/uploads\/2022\/09\/Frau-Hauser-und-Frau-Moser-768x512.jpg 768w, https:\/\/www.grundschule-sasbach.de\/wp\/wp-content\/uploads\/2022\/09\/Frau-Hauser-und-Frau-Moser.jpg 800w\" sizes=\"auto, (max-width: 300px) 100vw, 300px\" \/><\/a><\/p>\n<p><span style=\"font-size: 14pt; font-family: comic sans ms, sans-serif;\">Die Einschulungskinder aus den Ortteilen: Jechtingen und Leiselheim kamen morgens mit unseren gro\u00dfen Sch\u00fclern und einem Elternteil mit dem Schulbus zur Schule.<\/span><\/p>\n<p><span style=\"font-size: 14pt; font-family: comic sans ms, sans-serif;\">Das Programm in der Limburghalle begann dann f\u00fcr alle um 7.45 Uhr.<\/span><\/p>\n<p><span style=\"font-size: 14pt; font-family: comic sans ms, sans-serif;\">Das Publikum war schon ganz gespannt&#8230;.<\/span><\/p>\n<p><a href=\"https:\/\/www.grundschule-sasbach.de\/wp\/wp-content\/uploads\/2022\/09\/Das-Publikum.jpg\"><img loading=\"lazy\" decoding=\"async\" class=\"alignnone size-medium wp-image-5988\" src=\"https:\/\/www.grundschule-sasbach.de\/wp\/wp-content\/uploads\/2022\/09\/Das-Publikum-300x200.jpg\" alt=\"\" width=\"300\" height=\"200\" srcset=\"https:\/\/www.grundschule-sasbach.de\/wp\/wp-content\/uploads\/2022\/09\/Das-Publikum-300x200.jpg 300w, https:\/\/www.grundschule-sasbach.de\/wp\/wp-content\/uploads\/2022\/09\/Das-Publikum-768x512.jpg 768w, https:\/\/www.grundschule-sasbach.de\/wp\/wp-content\/uploads\/2022\/09\/Das-Publikum.jpg 800w\" sizes=\"auto, (max-width: 300px) 100vw, 300px\" \/><\/a><\/p>\n<h4><span style=\"font-size: 14pt; font-family: comic sans ms, sans-serif;\">Die 2. Kl\u00e4ssler f\u00fchrten das ein Theaterst\u00fcck vom L\u00f6wen auf !<\/span><\/h4>\n<p><a href=\"https:\/\/www.grundschule-sasbach.de\/wp\/wp-content\/uploads\/2022\/09\/Theaterkinder-KL.-2.jpg\"><img loading=\"lazy\" decoding=\"async\" class=\"alignnone  wp-image-5985\" src=\"https:\/\/www.grundschule-sasbach.de\/wp\/wp-content\/uploads\/2022\/09\/Theaterkinder-KL.-2-300x200.jpg\" alt=\"\" width=\"356\" height=\"237\" srcset=\"https:\/\/www.grundschule-sasbach.de\/wp\/wp-content\/uploads\/2022\/09\/Theaterkinder-KL.-2-300x200.jpg 300w, https:\/\/www.grundschule-sasbach.de\/wp\/wp-content\/uploads\/2022\/09\/Theaterkinder-KL.-2-768x512.jpg 768w, https:\/\/www.grundschule-sasbach.de\/wp\/wp-content\/uploads\/2022\/09\/Theaterkinder-KL.-2.jpg 800w\" sizes=\"auto, (max-width: 356px) 100vw, 356px\" \/><\/a><\/p>\n<h4><span style=\"font-size: 14pt; font-family: comic sans ms, sans-serif;\">Das habt ihr toll gemacht-DANKE nochmals daf\u00fcr !<\/span><\/h4>\n<h4><span style=\"font-size: 14pt; font-family: comic sans ms, sans-serif;\">Das sind unsere neuen 1. Kl\u00e4ssler:<\/span><\/h4>\n<p><a href=\"https:\/\/www.grundschule-sasbach.de\/wp\/wp-content\/uploads\/2022\/09\/Unsere-Schulanfaenger.jpg\"><img loading=\"lazy\" decoding=\"async\" class=\"alignnone size-medium wp-image-5986\" src=\"https:\/\/www.grundschule-sasbach.de\/wp\/wp-content\/uploads\/2022\/09\/Unsere-Schulanfaenger-300x200.jpg\" alt=\"\" width=\"300\" height=\"200\" srcset=\"https:\/\/www.grundschule-sasbach.de\/wp\/wp-content\/uploads\/2022\/09\/Unsere-Schulanfaenger-300x200.jpg 300w, https:\/\/www.grundschule-sasbach.de\/wp\/wp-content\/uploads\/2022\/09\/Unsere-Schulanfaenger-768x512.jpg 768w, https:\/\/www.grundschule-sasbach.de\/wp\/wp-content\/uploads\/2022\/09\/Unsere-Schulanfaenger.jpg 800w\" sizes=\"auto, (max-width: 300px) 100vw, 300px\" \/><\/a><\/p>\n<p><span style=\"font-size: 14pt; font-family: comic sans ms, sans-serif;\">\u201eTsch\u00fcsss, liebe Eltern ! Es geht los !\u201c<\/span><\/p>\n<h4><span style=\"font-size: 14pt; font-family: comic sans ms, sans-serif;\">Wir w\u00fcnschen Euch und Euren Eltern einen sch\u00f6nen Schulstart an unserer Schule und viel Spa\u00df am Lernen. <a href=\"https:\/\/www.grundschule-sasbach.de\/wp\/wp-content\/uploads\/2022\/09\/Maedchen_Junge_Blume.gif\"><img loading=\"lazy\" decoding=\"async\" class=\"alignnone  wp-image-5989\" src=\"https:\/\/www.grundschule-sasbach.de\/wp\/wp-content\/uploads\/2022\/09\/Maedchen_Junge_Blume-300x193.gif\" alt=\"\" width=\"194\" height=\"125\" \/><\/a><\/span><\/h4>\n<p>&nbsp;<\/p>\n","protected":false},"excerpt":{"rendered":"<p>Einschulung am Mittwoch, den 14. September 2022 Die Einschulung fand dieses Jahr\u00a0 wieder am Mittwoch statt. Die 2 Klassenlehrerinnen und Jo-jo, das Fibeltier freuen sich schon sehr ! Die Einschulungskinder aus den Ortteilen: Jechtingen und Leiselheim kamen morgens mit unseren gro\u00dfen Sch\u00fclern und einem Elternteil mit dem Schulbus zur Schule. Das Programm in der Limburghalle &hellip; <a href=\"https:\/\/www.grundschule-sasbach.de\/wp\/?page_id=5982\" class=\"more-link\"><span class=\"screen-reader-text\">Einschulung<\/span> weiterlesen <span class=\"meta-nav\">&rarr;<\/span><\/a><\/p>\n","protected":false},"author":4,"featured_media":0,"parent":5968,"menu_order":1,"comment_status":"closed","ping_status":"closed","template":"","meta":{"footnotes":""},"class_list":["post-5982","page","type-page","status-publish","hentry"],"_links":{"self":[{"href":"https:\/\/www.grundschule-sasbach.de\/wp\/index.php?rest_route=\/wp\/v2\/pages\/5982","targetHints":{"allow":["GET"]}}],"collection":[{"href":"https:\/\/www.grundschule-sasbach.de\/wp\/index.php?rest_route=\/wp\/v2\/pages"}],"about":[{"href":"https:\/\/www.grundschule-sasbach.de\/wp\/index.php?rest_route=\/wp\/v2\/types\/page"}],"author":[{"embeddable":true,"href":"https:\/\/www.grundschule-sasbach.de\/wp\/index.php?rest_route=\/wp\/v2\/users\/4"}],"replies":[{"embeddable":true,"href":"https:\/\/www.grundschule-sasbach.de\/wp\/index.php?rest_route=%2Fwp%2Fv2%2Fcomments&post=5982"}],"version-history":[{"count":3,"href":"https:\/\/www.grundschule-sasbach.de\/wp\/index.php?rest_route=\/wp\/v2\/pages\/5982\/revisions"}],"predecessor-version":[{"id":5990,"href":"https:\/\/www.grundschule-sasbach.de\/wp\/index.php?rest_route=\/wp\/v2\/pages\/5982\/revisions\/5990"}],"up":[{"embeddable":true,"href":"https:\/\/www.grundschule-sasbach.de\/wp\/index.php?rest_route=\/wp\/v2\/pages\/5968"}],"wp:attachment":[{"href":"https:\/\/www.grundschule-sasbach.de\/wp\/index.php?rest_route=%2Fwp%2Fv2%2Fmedia&parent=5982"}],"curies":[{"name":"wp","href":"https:\/\/api.w.org\/{rel}","templated":true}]}}

<h4><span style="font-size: 14pt; font-family: comic sans ms, sans-serif;">Einschulung am Mittwoch, den 14. September 2022</span></h4>
<p><span style="font-size: 14pt; font-family: comic sans ms, sans-serif;">Die Einschulung fand dieses Jahr<a href="https://www.grundschule-sasbach.de/wp/wp-content/uploads/2021/09/Willkommen.jpg"> </a> wieder am Mittwoch statt.</span></p>
<p><span style="font-size: 14pt; font-family: comic sans ms, sans-serif;">Die 2 Klassenlehrerinnen und Jo-jo, das Fibeltier freuen sich schon sehr !</span></p>
<p><a href="https://www.grundschule-sasbach.de/wp/wp-content/uploads/2022/09/Frau-Hauser-und-Frau-Moser.jpg"><img loading="lazy" decoding="async" class="alignnone size-medium wp-image-5987" src="https://www.grundschule-sasbach.de/wp/wp-content/uploads/2022/09/Frau-Hauser-und-Frau-Moser-300x200.jpg" alt="" width="300" height="200" srcset="https://www.grundschule-sasbach.de/wp/wp-content/uploads/2022/09/Frau-Hauser-und-Frau-Moser-300x200.jpg 300w, https://www.grundschule-sasbach.de/wp/wp-content/uploads/2022/09/Frau-Hauser-und-Frau-Moser-768x512.jpg 768w, https://www.grundschule-sasbach.de/wp/wp-content/uploads/2022/09/Frau-Hauser-und-Frau-Moser.jpg 800w" sizes="auto, (max-width: 300px) 100vw, 300px" /></a></p>
<p><span style="font-size: 14pt; font-family: comic sans ms, sans-serif;">Die Einschulungskinder aus den Ortteilen: Jechtingen und Leiselheim kamen morgens mit unseren großen Schülern und einem Elternteil mit dem Schulbus zur Schule.</span></p>
<p><span style="font-size: 14pt; font-family: comic sans ms, sans-serif;">Das Programm in der Limburghalle begann dann für alle um 7.45 Uhr.</span></p>
<p><span style="font-size: 14pt; font-family: comic sans ms, sans-serif;">Das Publikum war schon ganz gespannt&#8230;.</span></p>
<p><a href="https://www.grundschule-sasbach.de/wp/wp-content/uploads/2022/09/Das-Publikum.jpg"><img loading="lazy" decoding="async" class="alignnone size-medium wp-image-5988" src="https://www.grundschule-sasbach.de/wp/wp-content/uploads/2022/09/Das-Publikum-300x200.jpg" alt="" width="300" height="200" srcset="https://www.grundschule-sasbach.de/wp/wp-content/uploads/2022/09/Das-Publikum-300x200.jpg 300w, https://www.grundschule-sasbach.de/wp/wp-content/uploads/2022/09/Das-Publikum-768x512.jpg 768w, https://www.grundschule-sasbach.de/wp/wp-content/uploads/2022/09/Das-Publikum.jpg 800w" sizes="auto, (max-width: 300px) 100vw, 300px" /></a></p>
<h4><span style="font-size: 14pt; font-family: comic sans ms, sans-serif;">Die 2. Klässler führten das ein Theaterstück vom Löwen auf !</span></h4>
<p><a href="https://www.grundschule-sasbach.de/wp/wp-content/uploads/2022/09/Theaterkinder-KL.-2.jpg"><img loading="lazy" decoding="async" class="alignnone  wp-image-5985" src="https://www.grundschule-sasbach.de/wp/wp-content/uploads/2022/09/Theaterkinder-KL.-2-300x200.jpg" alt="" width="356" height="237" srcset="https://www.grundschule-sasbach.de/wp/wp-content/uploads/2022/09/Theaterkinder-KL.-2-300x200.jpg 300w, https://www.grundschule-sasbach.de/wp/wp-content/uploads/2022/09/Theaterkinder-KL.-2-768x512.jpg 768w, https://www.grundschule-sasbach.de/wp/wp-content/uploads/2022/09/Theaterkinder-KL.-2.jpg 800w" sizes="auto, (max-width: 356px) 100vw, 356px" /></a></p>
<h4><span style="font-size: 14pt; font-family: comic sans ms, sans-serif;">Das habt ihr toll gemacht-DANKE nochmals dafür !</span></h4>
<h4><span style="font-size: 14pt; font-family: comic sans ms, sans-serif;">Das sind unsere neuen 1. Klässler:</span></h4>
<p><a href="https://www.grundschule-sasbach.de/wp/wp-content/uploads/2022/09/Unsere-Schulanfaenger.jpg"><img loading="lazy" decoding="async" class="alignnone size-medium wp-image-5986" src="https://www.grundschule-sasbach.de/wp/wp-content/uploads/2022/09/Unsere-Schulanfaenger-300x200.jpg" alt="" width="300" height="200" srcset="https://www.grundschule-sasbach.de/wp/wp-content/uploads/2022/09/Unsere-Schulanfaenger-300x200.jpg 300w, https://www.grundschule-sasbach.de/wp/wp-content/uploads/2022/09/Unsere-Schulanfaenger-768x512.jpg 768w, https://www.grundschule-sasbach.de/wp/wp-content/uploads/2022/09/Unsere-Schulanfaenger.jpg 800w" sizes="auto, (max-width: 300px) 100vw, 300px" /></a></p>
<p><span style="font-size: 14pt; font-family: comic sans ms, sans-serif;">„Tschüsss, liebe Eltern ! Es geht los !“</span></p>
<h4><span style="font-size: 14pt; font-family: comic sans ms, sans-serif;">Wir wünschen Euch und Euren Eltern einen schönen Schulstart an unserer Schule und viel Spaß am Lernen. <a href="https://www.grundschule-sasbach.de/wp/wp-content/uploads/2022/09/Maedchen_Junge_Blume.gif"><img loading="lazy" decoding="async" class="alignnone  wp-image-5989" src="https://www.grundschule-sasbach.de/wp/wp-content/uploads/2022/09/Maedchen_Junge_Blume-300x193.gif" alt="" width="194" height="125" /></a></span></h4>
<p>&nbsp;</p>

<p>Einschulung am Mittwoch, den 14. September 2022 Die Einschulung fand dieses Jahr  wieder am Mittwoch statt. Die 2 Klassenlehrerinnen und Jo-jo, das Fibeltier freuen sich schon sehr ! Die Einschulungskinder aus den Ortteilen: Jechtingen und Leiselheim kamen morgens mit unseren großen Schülern und einem Elternteil mit dem Schulbus zur Schule. Das Programm in der Limburghalle &hellip; <a href="https://www.grundschule-sasbach.de/wp/?page_id=5982" class="more-link"><span class="screen-reader-text">Einschulung</span> weiterlesen <span class="meta-nav">&rarr;</span></a></p>
