{"id":6422,"date":"2023-12-15T11:46:04","date_gmt":"2023-12-15T09:46:04","guid":{"rendered":"https:\/\/www.grundschule-sasbach.de\/wp\/?page_id=6422"},"modified":"2024-08-02T12:17:53","modified_gmt":"2024-08-02T10:17:53","slug":"advents-weihnachtszeit","status":"publish","type":"page","link":"https:\/\/www.grundschule-sasbach.de\/wp\/?page_id=6422","title":{"rendered":"Advents- Weihnachtszeit"},"content":{"rendered":"<h3><span style=\"font-family: comic sans ms, sans-serif; color: #008000;\"><a href=\"https:\/\/www.grundschule-sasbach.de\/wp\/wp-content\/uploads\/2023\/12\/WEihnachtsbaum.jpg\"><img loading=\"lazy\" decoding=\"async\" class=\"alignnone wp-image-6425\" src=\"https:\/\/www.grundschule-sasbach.de\/wp\/wp-content\/uploads\/2023\/12\/WEihnachtsbaum-225x300.jpg\" alt=\"\" width=\"119\" height=\"159\" srcset=\"https:\/\/www.grundschule-sasbach.de\/wp\/wp-content\/uploads\/2023\/12\/WEihnachtsbaum-225x300.jpg 225w, https:\/\/www.grundschule-sasbach.de\/wp\/wp-content\/uploads\/2023\/12\/WEihnachtsbaum-768x1023.jpg 768w, https:\/\/www.grundschule-sasbach.de\/wp\/wp-content\/uploads\/2023\/12\/WEihnachtsbaum.jpg 800w\" sizes=\"auto, (max-width: 119px) 100vw, 119px\" \/><\/a>Die Advents- und Weihnachtszeit<\/span><\/h3>\n<p><span style=\"font-family: comic sans ms, sans-serif;\"> ist bei uns eine ganz besondere Zeit. <a href=\"https:\/\/www.grundschule-sasbach.de\/wp\/wp-content\/uploads\/2023\/12\/Engel-Deko.jpg\"><img loading=\"lazy\" decoding=\"async\" class=\"alignnone wp-image-6424\" src=\"https:\/\/www.grundschule-sasbach.de\/wp\/wp-content\/uploads\/2023\/12\/Engel-Deko-225x300.jpg\" alt=\"\" width=\"105\" height=\"140\" srcset=\"https:\/\/www.grundschule-sasbach.de\/wp\/wp-content\/uploads\/2023\/12\/Engel-Deko-225x300.jpg 225w, https:\/\/www.grundschule-sasbach.de\/wp\/wp-content\/uploads\/2023\/12\/Engel-Deko-768x1023.jpg 768w, https:\/\/www.grundschule-sasbach.de\/wp\/wp-content\/uploads\/2023\/12\/Engel-Deko.jpg 800w\" sizes=\"auto, (max-width: 105px) 100vw, 105px\" \/><\/a><\/span><\/p>\n<p><span style=\"font-family: comic sans ms, sans-serif;\">Der Weihnachtsbaum wird gestellt und dekoriert, das Haus wird weihnachtlich geschm\u00fcckt,&#8230;..<\/span><\/p>\n<p><span style=\"font-family: comic sans ms, sans-serif;\">Am 6. Dezember kommt dann noch der Nikolaus, leider nicht pers\u00f6nlich. Dieses Mal hat er Zirkussachen und Spiele f\u00fcr den Schulhof gebracht.<\/span><\/p>\n<p><span style=\"font-family: comic sans ms, sans-serif;\"> DANKE lieber Nikolaus !<\/span><a href=\"https:\/\/www.grundschule-sasbach.de\/wp\/wp-content\/uploads\/2023\/12\/Nikolaus-Geschenke.jpg\"><img loading=\"lazy\" decoding=\"async\" class=\" wp-image-6428 aligncenter\" src=\"https:\/\/www.grundschule-sasbach.de\/wp\/wp-content\/uploads\/2023\/12\/Nikolaus-Geschenke-225x300.jpg\" alt=\"\" width=\"184\" height=\"246\" srcset=\"https:\/\/www.grundschule-sasbach.de\/wp\/wp-content\/uploads\/2023\/12\/Nikolaus-Geschenke-225x300.jpg 225w, https:\/\/www.grundschule-sasbach.de\/wp\/wp-content\/uploads\/2023\/12\/Nikolaus-Geschenke-768x1023.jpg 768w, https:\/\/www.grundschule-sasbach.de\/wp\/wp-content\/uploads\/2023\/12\/Nikolaus-Geschenke.jpg 800w\" sizes=\"auto, (max-width: 184px) 100vw, 184px\" \/><\/a><\/p>\n<p><span style=\"font-family: comic sans ms, sans-serif;\"><a href=\"https:\/\/www.grundschule-sasbach.de\/wp\/wp-content\/uploads\/2023\/12\/Kinder-helfen-Kindern.jpg\"><img loading=\"lazy\" decoding=\"async\" class=\"wp-image-6423 alignleft\" src=\"https:\/\/www.grundschule-sasbach.de\/wp\/wp-content\/uploads\/2023\/12\/Kinder-helfen-Kindern-192x300.jpg\" alt=\"\" width=\"133\" height=\"208\" srcset=\"https:\/\/www.grundschule-sasbach.de\/wp\/wp-content\/uploads\/2023\/12\/Kinder-helfen-Kindern-192x300.jpg 192w, https:\/\/www.grundschule-sasbach.de\/wp\/wp-content\/uploads\/2023\/12\/Kinder-helfen-Kindern-655x1024.jpg 655w, https:\/\/www.grundschule-sasbach.de\/wp\/wp-content\/uploads\/2023\/12\/Kinder-helfen-Kindern.jpg 671w\" sizes=\"auto, (max-width: 133px) 100vw, 133px\" \/><\/a>Wir starten mit unserer Aktion &#8222;Kinder helfen Kindern&#8220; f\u00fcr unser Patenkin d Jacob aus Uganda, dem wir es mit unserer Spende erm\u00f6glichem, die Schule zu besuchen\u00a0 und einen Schulabschluss zu machen kann. Alle Kinder helfen mit und \u00fcbernehmen eine Aufgabe f\u00fcr die sie &#8222;entlohnt&#8220; werden, z.B. Stra\u00dfe fegen f\u00fcr die Oma, einkaufen f\u00fcr den Nachbar,&#8230; Das Geld wird dann eingesammelt.<br \/>\n<\/span><\/p>\n<p>&nbsp;<\/p>\n<p><span style=\"font-family: comic sans ms, sans-serif;\">In dieser Zeit treffen wir uns immer am Freitagmorgen in der Schulaula singe<a href=\"https:\/\/www.grundschule-sasbach.de\/wp\/wp-content\/uploads\/2023\/12\/Adventsfeier-Klasse-3.jpg\"><img loading=\"lazy\" decoding=\"async\" class=\"size-medium wp-image-6426 alignleft\" src=\"https:\/\/www.grundschule-sasbach.de\/wp\/wp-content\/uploads\/2023\/12\/Adventsfeier-Klasse-3-300x225.jpg\" alt=\"\" width=\"300\" height=\"225\" srcset=\"https:\/\/www.grundschule-sasbach.de\/wp\/wp-content\/uploads\/2023\/12\/Adventsfeier-Klasse-3-300x225.jpg 300w, https:\/\/www.grundschule-sasbach.de\/wp\/wp-content\/uploads\/2023\/12\/Adventsfeier-Klasse-3-768x576.jpg 768w, https:\/\/www.grundschule-sasbach.de\/wp\/wp-content\/uploads\/2023\/12\/Adventsfeier-Klasse-3.jpg 800w\" sizes=\"auto, (max-width: 300px) 100vw, 300px\" \/><\/a>n gemeinsam die Lieder f\u00fcr unser Weihnachtsmusical, tragen Gedichte vor <a href=\"https:\/\/www.grundschule-sasbach.de\/wp\/wp-content\/uploads\/2023\/12\/Bilderbuchkino.jpg\"><img loading=\"lazy\" decoding=\"async\" class=\"size-medium wp-image-6427 alignright\" src=\"https:\/\/www.grundschule-sasbach.de\/wp\/wp-content\/uploads\/2023\/12\/Bilderbuchkino-300x225.jpg\" alt=\"\" width=\"300\" height=\"225\" srcset=\"https:\/\/www.grundschule-sasbach.de\/wp\/wp-content\/uploads\/2023\/12\/Bilderbuchkino-300x225.jpg 300w, https:\/\/www.grundschule-sasbach.de\/wp\/wp-content\/uploads\/2023\/12\/Bilderbuchkino-768x576.jpg 768w, https:\/\/www.grundschule-sasbach.de\/wp\/wp-content\/uploads\/2023\/12\/Bilderbuchkino.jpg 800w\" sizes=\"auto, (max-width: 300px) 100vw, 300px\" \/><\/a>und\u00a0 es gibt immer ein Bilderbuchkino mit einer sch\u00f6nen Geschichte.<\/span><\/p>\n<p><span style=\"font-family: comic sans ms, sans-serif;\">Das ist eine sehr sch\u00f6ne Einstimmung auf Weihnachten.<\/span><\/p>\n<p><span style=\"font-family: comic sans ms, sans-serif;\">Der Abschluss ist dann am letzten Schultag vor den Weihnachtsferein. Da f\u00fchren wir zusammen mit der Theater AG das Weihnachtsmusical in der Kirche vor.<\/span><\/p>\n<p><a href=\"https:\/\/www.grundschule-sasbach.de\/wp\/wp-content\/uploads\/2023\/12\/Musical-Theater-AG.jpg\"><img loading=\"lazy\" decoding=\"async\" class=\"alignnone size-medium wp-image-6435\" src=\"https:\/\/www.grundschule-sasbach.de\/wp\/wp-content\/uploads\/2023\/12\/Musical-Theater-AG-300x225.jpg\" alt=\"\" width=\"300\" height=\"225\" srcset=\"https:\/\/www.grundschule-sasbach.de\/wp\/wp-content\/uploads\/2023\/12\/Musical-Theater-AG-300x225.jpg 300w, https:\/\/www.grundschule-sasbach.de\/wp\/wp-content\/uploads\/2023\/12\/Musical-Theater-AG-768x576.jpg 768w, https:\/\/www.grundschule-sasbach.de\/wp\/wp-content\/uploads\/2023\/12\/Musical-Theater-AG.jpg 800w\" sizes=\"auto, (max-width: 300px) 100vw, 300px\" \/><\/a><\/p>\n<p>&nbsp;<\/p>\n<p><span style=\"font-family: comic sans ms, sans-serif;\"><span style=\"color: #008000;\">Danach kann WEIHNACHTEN ko<\/span><\/span><span style=\"font-family: comic sans ms, sans-serif;\"><a href=\"https:\/\/www.grundschule-sasbach.de\/wp\/wp-content\/uploads\/2023\/12\/Christbaum.gif\"><img loading=\"lazy\" decoding=\"async\" class=\"wp-image-6429 alignleft\" src=\"https:\/\/www.grundschule-sasbach.de\/wp\/wp-content\/uploads\/2023\/12\/Christbaum-193x300.gif\" alt=\"\" width=\"135\" height=\"210\" \/><\/a><\/span><span style=\"font-family: comic sans ms, sans-serif;\"><span style=\"color: #008000;\">mmen&#8230; <\/span><\/span><\/p>\n<p><span style=\"font-family: comic sans ms, sans-serif;\"><a href=\"https:\/\/www.grundschule-sasbach.de\/wp\/wp-content\/uploads\/2023\/12\/Christbaum.gif\"><span style=\"color: #008000;\">Sch\u00f6ne Weihnachtsferien und einen guten Start in ein Neues Jahr&#8230;<\/span><\/a><\/span><\/p>\n<p>&nbsp;<\/p>\n","protected":false},"excerpt":{"rendered":"<p>Die Advents- und Weihnachtszeit ist bei uns eine ganz besondere Zeit. Der Weihnachtsbaum wird gestellt und dekoriert, das Haus wird weihnachtlich geschm\u00fcckt,&#8230;.. Am 6. Dezember kommt dann noch der Nikolaus, leider nicht pers\u00f6nlich. Dieses Mal hat er Zirkussachen und Spiele f\u00fcr den Schulhof gebracht. DANKE lieber Nikolaus ! Wir starten mit unserer Aktion &#8222;Kinder helfen &hellip; <a href=\"https:\/\/www.grundschule-sasbach.de\/wp\/?page_id=6422\" class=\"more-link\"><span class=\"screen-reader-text\">Advents- Weihnachtszeit<\/span> weiterlesen <span class=\"meta-nav\">&rarr;<\/span><\/a><\/p>\n","protected":false},"author":4,"featured_media":0,"parent":6732,"menu_order":7,"comment_status":"closed","ping_status":"closed","template":"","meta":{"footnotes":""},"class_list":["post-6422","page","type-page","status-publish","hentry"],"_links":{"self":[{"href":"https:\/\/www.grundschule-sasbach.de\/wp\/index.php?rest_route=\/wp\/v2\/pages\/6422","targetHints":{"allow":["GET"]}}],"collection":[{"href":"https:\/\/www.grundschule-sasbach.de\/wp\/index.php?rest_route=\/wp\/v2\/pages"}],"about":[{"href":"https:\/\/www.grundschule-sasbach.de\/wp\/index.php?rest_route=\/wp\/v2\/types\/page"}],"author":[{"embeddable":true,"href":"https:\/\/www.grundschule-sasbach.de\/wp\/index.php?rest_route=\/wp\/v2\/users\/4"}],"replies":[{"embeddable":true,"href":"https:\/\/www.grundschule-sasbach.de\/wp\/index.php?rest_route=%2Fwp%2Fv2%2Fcomments&post=6422"}],"version-history":[{"count":5,"href":"https:\/\/www.grundschule-sasbach.de\/wp\/index.php?rest_route=\/wp\/v2\/pages\/6422\/revisions"}],"predecessor-version":[{"id":6436,"href":"https:\/\/www.grundschule-sasbach.de\/wp\/index.php?rest_route=\/wp\/v2\/pages\/6422\/revisions\/6436"}],"up":[{"embeddable":true,"href":"https:\/\/www.grundschule-sasbach.de\/wp\/index.php?rest_route=\/wp\/v2\/pages\/6732"}],"wp:attachment":[{"href":"https:\/\/www.grundschule-sasbach.de\/wp\/index.php?rest_route=%2Fwp%2Fv2%2Fmedia&parent=6422"}],"curies":[{"name":"wp","href":"https:\/\/api.w.org\/{rel}","templated":true}]}}

<h3><span style="font-family: comic sans ms, sans-serif; color: #008000;"><a href="https://www.grundschule-sasbach.de/wp/wp-content/uploads/2023/12/WEihnachtsbaum.jpg"><img loading="lazy" decoding="async" class="alignnone wp-image-6425" src="https://www.grundschule-sasbach.de/wp/wp-content/uploads/2023/12/WEihnachtsbaum-225x300.jpg" alt="" width="119" height="159" srcset="https://www.grundschule-sasbach.de/wp/wp-content/uploads/2023/12/WEihnachtsbaum-225x300.jpg 225w, https://www.grundschule-sasbach.de/wp/wp-content/uploads/2023/12/WEihnachtsbaum-768x1023.jpg 768w, https://www.grundschule-sasbach.de/wp/wp-content/uploads/2023/12/WEihnachtsbaum.jpg 800w" sizes="auto, (max-width: 119px) 100vw, 119px" /></a>Die Advents- und Weihnachtszeit</span></h3>
<p><span style="font-family: comic sans ms, sans-serif;"> ist bei uns eine ganz besondere Zeit. <a href="https://www.grundschule-sasbach.de/wp/wp-content/uploads/2023/12/Engel-Deko.jpg"><img loading="lazy" decoding="async" class="alignnone wp-image-6424" src="https://www.grundschule-sasbach.de/wp/wp-content/uploads/2023/12/Engel-Deko-225x300.jpg" alt="" width="105" height="140" srcset="https://www.grundschule-sasbach.de/wp/wp-content/uploads/2023/12/Engel-Deko-225x300.jpg 225w, https://www.grundschule-sasbach.de/wp/wp-content/uploads/2023/12/Engel-Deko-768x1023.jpg 768w, https://www.grundschule-sasbach.de/wp/wp-content/uploads/2023/12/Engel-Deko.jpg 800w" sizes="auto, (max-width: 105px) 100vw, 105px" /></a></span></p>
<p><span style="font-family: comic sans ms, sans-serif;">Der Weihnachtsbaum wird gestellt und dekoriert, das Haus wird weihnachtlich geschmückt,&#8230;..</span></p>
<p><span style="font-family: comic sans ms, sans-serif;">Am 6. Dezember kommt dann noch der Nikolaus, leider nicht persönlich. Dieses Mal hat er Zirkussachen und Spiele für den Schulhof gebracht.</span></p>
<p><span style="font-family: comic sans ms, sans-serif;"> DANKE lieber Nikolaus !</span><a href="https://www.grundschule-sasbach.de/wp/wp-content/uploads/2023/12/Nikolaus-Geschenke.jpg"><img loading="lazy" decoding="async" class=" wp-image-6428 aligncenter" src="https://www.grundschule-sasbach.de/wp/wp-content/uploads/2023/12/Nikolaus-Geschenke-225x300.jpg" alt="" width="184" height="246" srcset="https://www.grundschule-sasbach.de/wp/wp-content/uploads/2023/12/Nikolaus-Geschenke-225x300.jpg 225w, https://www.grundschule-sasbach.de/wp/wp-content/uploads/2023/12/Nikolaus-Geschenke-768x1023.jpg 768w, https://www.grundschule-sasbach.de/wp/wp-content/uploads/2023/12/Nikolaus-Geschenke.jpg 800w" sizes="auto, (max-width: 184px) 100vw, 184px" /></a></p>
<p><span style="font-family: comic sans ms, sans-serif;"><a href="https://www.grundschule-sasbach.de/wp/wp-content/uploads/2023/12/Kinder-helfen-Kindern.jpg"><img loading="lazy" decoding="async" class="wp-image-6423 alignleft" src="https://www.grundschule-sasbach.de/wp/wp-content/uploads/2023/12/Kinder-helfen-Kindern-192x300.jpg" alt="" width="133" height="208" srcset="https://www.grundschule-sasbach.de/wp/wp-content/uploads/2023/12/Kinder-helfen-Kindern-192x300.jpg 192w, https://www.grundschule-sasbach.de/wp/wp-content/uploads/2023/12/Kinder-helfen-Kindern-655x1024.jpg 655w, https://www.grundschule-sasbach.de/wp/wp-content/uploads/2023/12/Kinder-helfen-Kindern.jpg 671w" sizes="auto, (max-width: 133px) 100vw, 133px" /></a>Wir starten mit unserer Aktion &#8222;Kinder helfen Kindern&#8220; für unser Patenkin d Jacob aus Uganda, dem wir es mit unserer Spende ermöglichem, die Schule zu besuchen  und einen Schulabschluss zu machen kann. Alle Kinder helfen mit und übernehmen eine Aufgabe für die sie &#8222;entlohnt&#8220; werden, z.B. Straße fegen für die Oma, einkaufen für den Nachbar,&#8230; Das Geld wird dann eingesammelt.<br />
</span></p>
<p>&nbsp;</p>
<p><span style="font-family: comic sans ms, sans-serif;">In dieser Zeit treffen wir uns immer am Freitagmorgen in der Schulaula singe<a href="https://www.grundschule-sasbach.de/wp/wp-content/uploads/2023/12/Adventsfeier-Klasse-3.jpg"><img loading="lazy" decoding="async" class="size-medium wp-image-6426 alignleft" src="https://www.grundschule-sasbach.de/wp/wp-content/uploads/2023/12/Adventsfeier-Klasse-3-300x225.jpg" alt="" width="300" height="225" srcset="https://www.grundschule-sasbach.de/wp/wp-content/uploads/2023/12/Adventsfeier-Klasse-3-300x225.jpg 300w, https://www.grundschule-sasbach.de/wp/wp-content/uploads/2023/12/Adventsfeier-Klasse-3-768x576.jpg 768w, https://www.grundschule-sasbach.de/wp/wp-content/uploads/2023/12/Adventsfeier-Klasse-3.jpg 800w" sizes="auto, (max-width: 300px) 100vw, 300px" /></a>n gemeinsam die Lieder für unser Weihnachtsmusical, tragen Gedichte vor <a href="https://www.grundschule-sasbach.de/wp/wp-content/uploads/2023/12/Bilderbuchkino.jpg"><img loading="lazy" decoding="async" class="size-medium wp-image-6427 alignright" src="https://www.grundschule-sasbach.de/wp/wp-content/uploads/2023/12/Bilderbuchkino-300x225.jpg" alt="" width="300" height="225" srcset="https://www.grundschule-sasbach.de/wp/wp-content/uploads/2023/12/Bilderbuchkino-300x225.jpg 300w, https://www.grundschule-sasbach.de/wp/wp-content/uploads/2023/12/Bilderbuchkino-768x576.jpg 768w, https://www.grundschule-sasbach.de/wp/wp-content/uploads/2023/12/Bilderbuchkino.jpg 800w" sizes="auto, (max-width: 300px) 100vw, 300px" /></a>und  es gibt immer ein Bilderbuchkino mit einer schönen Geschichte.</span></p>
<p><span style="font-family: comic sans ms, sans-serif;">Das ist eine sehr schöne Einstimmung auf Weihnachten.</span></p>
<p><span style="font-family: comic sans ms, sans-serif;">Der Abschluss ist dann am letzten Schultag vor den Weihnachtsferein. Da führen wir zusammen mit der Theater AG das Weihnachtsmusical in der Kirche vor.</span></p>
<p><a href="https://www.grundschule-sasbach.de/wp/wp-content/uploads/2023/12/Musical-Theater-AG.jpg"><img loading="lazy" decoding="async" class="alignnone size-medium wp-image-6435" src="https://www.grundschule-sasbach.de/wp/wp-content/uploads/2023/12/Musical-Theater-AG-300x225.jpg" alt="" width="300" height="225" srcset="https://www.grundschule-sasbach.de/wp/wp-content/uploads/2023/12/Musical-Theater-AG-300x225.jpg 300w, https://www.grundschule-sasbach.de/wp/wp-content/uploads/2023/12/Musical-Theater-AG-768x576.jpg 768w, https://www.grundschule-sasbach.de/wp/wp-content/uploads/2023/12/Musical-Theater-AG.jpg 800w" sizes="auto, (max-width: 300px) 100vw, 300px" /></a></p>
<p>&nbsp;</p>
<p><span style="font-family: comic sans ms, sans-serif;"><span style="color: #008000;">Danach kann WEIHNACHTEN ko</span></span><span style="font-family: comic sans ms, sans-serif;"><a href="https://www.grundschule-sasbach.de/wp/wp-content/uploads/2023/12/Christbaum.gif"><img loading="lazy" decoding="async" class="wp-image-6429 alignleft" src="https://www.grundschule-sasbach.de/wp/wp-content/uploads/2023/12/Christbaum-193x300.gif" alt="" width="135" height="210" /></a></span><span style="font-family: comic sans ms, sans-serif;"><span style="color: #008000;">mmen&#8230; </span></span></p>
<p><span style="font-family: comic sans ms, sans-serif;"><a href="https://www.grundschule-sasbach.de/wp/wp-content/uploads/2023/12/Christbaum.gif"><span style="color: #008000;">Schöne Weihnachtsferien und einen guten Start in ein Neues Jahr&#8230;</span></a></span></p>
<p>&nbsp;</p>

<p>Die Advents- und Weihnachtszeit ist bei uns eine ganz besondere Zeit. Der Weihnachtsbaum wird gestellt und dekoriert, das Haus wird weihnachtlich geschmückt,&#8230;.. Am 6. Dezember kommt dann noch der Nikolaus, leider nicht persönlich. Dieses Mal hat er Zirkussachen und Spiele für den Schulhof gebracht. DANKE lieber Nikolaus ! Wir starten mit unserer Aktion &#8222;Kinder helfen &hellip; <a href="https://www.grundschule-sasbach.de/wp/?page_id=6422" class="more-link"><span class="screen-reader-text">Advents- Weihnachtszeit</span> weiterlesen <span class="meta-nav">&rarr;</span></a></p>
