{"id":6678,"date":"2024-07-08T10:29:27","date_gmt":"2024-07-08T08:29:27","guid":{"rendered":"https:\/\/www.grundschule-sasbach.de\/wp\/?page_id=6678"},"modified":"2024-08-02T12:17:53","modified_gmt":"2024-08-02T10:17:53","slug":"abschluss","status":"publish","type":"page","link":"https:\/\/www.grundschule-sasbach.de\/wp\/?page_id=6678","title":{"rendered":"Abschluss"},"content":{"rendered":"<p>Am Samstag, den 20. Juli 2024 war die Abschulssfeier unserer 4. Kl\u00e4ssler mit Eltern, Geschwistern und G\u00e4sten.<\/p>\n<p>Zuerst spielten die Theaterkinder das Theaterst\u00fcck : Die Stunkies&#8220;<\/p>\n<p>Die STUINKIES, widerliche kleine, gr\u00fcne Monster \u2013 f\u00fcr Menschen unsichtbar \u2013 schleichen sich in die Schule und stiften die Kinder zu Streitereien, ja sogar zu Schl\u00e4gereien an. Sie fl\u00fcstern ihren Opfern Unversch\u00e4mtheiten und Schimpfw\u00f6rter ins Ohr und provozieren \u00c4rger, schlechte Stimmung und st\u00e4ndige Auseinandersetzungen. Nicht einmal die Lehrerin Frau B\u00f6mmel bleibet verschont.<\/p>\n<p>Der Versuch der \u201eStunkies\u201c, aus allen Sch\u00fclern kleine St\u00e4nkerer zu machen, scheiterte jedoch, als Anne, eine neue Mitsch\u00fclerin in die Klasse kommt.<\/p>\n<p>Am Ende merken alle, auch die Lehrerin, dass ein der nette Umgang miteinander sch\u00f6ner ist als Stunk und Streit\u2026.<\/p>\n<p>Die Vorf\u00fchrung war super ! <a href=\"https:\/\/www.grundschule-sasbach.de\/wp\/wp-content\/uploads\/2024\/07\/Alle-Stunkies-H.jpg\"><img loading=\"lazy\" decoding=\"async\" class=\"alignnone size-medium wp-image-6708\" src=\"https:\/\/www.grundschule-sasbach.de\/wp\/wp-content\/uploads\/2024\/07\/Alle-Stunkies-H-300x147.jpg\" alt=\"\" width=\"300\" height=\"147\" srcset=\"https:\/\/www.grundschule-sasbach.de\/wp\/wp-content\/uploads\/2024\/07\/Alle-Stunkies-H-300x147.jpg 300w, https:\/\/www.grundschule-sasbach.de\/wp\/wp-content\/uploads\/2024\/07\/Alle-Stunkies-H.jpg 742w\" sizes=\"auto, (max-width: 300px) 100vw, 300px\" \/><\/a> <a href=\"https:\/\/www.grundschule-sasbach.de\/wp\/wp-content\/uploads\/2024\/07\/TANZ-H.jpg\"><img loading=\"lazy\" decoding=\"async\" class=\"alignnone size-medium wp-image-6709\" src=\"https:\/\/www.grundschule-sasbach.de\/wp\/wp-content\/uploads\/2024\/07\/TANZ-H-300x129.jpg\" alt=\"\" width=\"300\" height=\"129\" srcset=\"https:\/\/www.grundschule-sasbach.de\/wp\/wp-content\/uploads\/2024\/07\/TANZ-H-300x129.jpg 300w, https:\/\/www.grundschule-sasbach.de\/wp\/wp-content\/uploads\/2024\/07\/TANZ-H-768x331.jpg 768w, https:\/\/www.grundschule-sasbach.de\/wp\/wp-content\/uploads\/2024\/07\/TANZ-H.jpg 774w\" sizes=\"auto, (max-width: 300px) 100vw, 300px\" \/><\/a><\/p>\n<p>Am Ende haben dann alle noch zusammen getanzt und ein sch\u00f6nes Abschiedslied gesungen.<\/p>\n<p>Es war ein sch\u00f6ner Abend&#8230;<\/p>\n<p>Und dann kam am Mittwoch der letze Schultag.<\/p>\n<p>Ein sch\u00f6ner, aber auch ein trauriger Tag&#8230;. der LETZTE GRUNDSCHULTAG.<\/p>\n<p>Zuerst f\u00fchrten die 2. Kl\u00e4ssler ihr tolles Piratentheaterst\u00fcck in der Limburghalle vor. Danach wurde im Hof getanzt und gesungen. Die 3. Kl\u00e4ssler hatten Herzchen mit W\u00fcnschen f\u00fcr die 4. Kl\u00e4ssler und f\u00fcr unsere FSJ Katharina\u00a0 vorbereitet, gemeinsam wurden die W\u00fcnsche in den Himmel geschickt&#8230;.<a href=\"https:\/\/www.grundschule-sasbach.de\/wp\/wp-content\/uploads\/2024\/08\/Piratentheater-Klasse-2.jpg\"><img loading=\"lazy\" decoding=\"async\" class=\"alignnone size-medium wp-image-6723\" src=\"https:\/\/www.grundschule-sasbach.de\/wp\/wp-content\/uploads\/2024\/08\/Piratentheater-Klasse-2-300x179.jpg\" alt=\"\" width=\"300\" height=\"179\" srcset=\"https:\/\/www.grundschule-sasbach.de\/wp\/wp-content\/uploads\/2024\/08\/Piratentheater-Klasse-2-300x179.jpg 300w, https:\/\/www.grundschule-sasbach.de\/wp\/wp-content\/uploads\/2024\/08\/Piratentheater-Klasse-2-768x458.jpg 768w, https:\/\/www.grundschule-sasbach.de\/wp\/wp-content\/uploads\/2024\/08\/Piratentheater-Klasse-2.jpg 798w\" sizes=\"auto, (max-width: 300px) 100vw, 300px\" \/><\/a><a href=\"https:\/\/www.grundschule-sasbach.de\/wp\/wp-content\/uploads\/2024\/08\/Abschluss-im-HOf.jpg\"><img loading=\"lazy\" decoding=\"async\" class=\"alignnone size-medium wp-image-6722\" src=\"https:\/\/www.grundschule-sasbach.de\/wp\/wp-content\/uploads\/2024\/08\/Abschluss-im-HOf-300x225.jpg\" alt=\"\" width=\"300\" height=\"225\" srcset=\"https:\/\/www.grundschule-sasbach.de\/wp\/wp-content\/uploads\/2024\/08\/Abschluss-im-HOf-300x225.jpg 300w, https:\/\/www.grundschule-sasbach.de\/wp\/wp-content\/uploads\/2024\/08\/Abschluss-im-HOf-768x576.jpg 768w, https:\/\/www.grundschule-sasbach.de\/wp\/wp-content\/uploads\/2024\/08\/Abschluss-im-HOf.jpg 800w\" sizes=\"auto, (max-width: 300px) 100vw, 300px\" \/><\/a><\/p>\n<p>&nbsp;<\/p>\n<p><a href=\"https:\/\/www.grundschule-sasbach.de\/wp\/wp-content\/uploads\/2024\/08\/Wunsch-Luftballons-der-Klasse-3.jpg\"><img loading=\"lazy\" decoding=\"async\" class=\"alignnone size-medium wp-image-6721\" src=\"https:\/\/www.grundschule-sasbach.de\/wp\/wp-content\/uploads\/2024\/08\/Wunsch-Luftballons-der-Klasse-3-300x225.jpg\" alt=\"\" width=\"300\" height=\"225\" srcset=\"https:\/\/www.grundschule-sasbach.de\/wp\/wp-content\/uploads\/2024\/08\/Wunsch-Luftballons-der-Klasse-3-300x225.jpg 300w, https:\/\/www.grundschule-sasbach.de\/wp\/wp-content\/uploads\/2024\/08\/Wunsch-Luftballons-der-Klasse-3-768x576.jpg 768w, https:\/\/www.grundschule-sasbach.de\/wp\/wp-content\/uploads\/2024\/08\/Wunsch-Luftballons-der-Klasse-3.jpg 800w\" sizes=\"auto, (max-width: 300px) 100vw, 300px\" \/><\/a><a href=\"https:\/\/www.grundschule-sasbach.de\/wp\/wp-content\/uploads\/2024\/08\/Die-Wuensche-fliegen-davon.jpg\"><img loading=\"lazy\" decoding=\"async\" class=\"alignnone size-medium wp-image-6720\" src=\"https:\/\/www.grundschule-sasbach.de\/wp\/wp-content\/uploads\/2024\/08\/Die-Wuensche-fliegen-davon-300x225.jpg\" alt=\"\" width=\"300\" height=\"225\" srcset=\"https:\/\/www.grundschule-sasbach.de\/wp\/wp-content\/uploads\/2024\/08\/Die-Wuensche-fliegen-davon-300x225.jpg 300w, https:\/\/www.grundschule-sasbach.de\/wp\/wp-content\/uploads\/2024\/08\/Die-Wuensche-fliegen-davon-768x576.jpg 768w, https:\/\/www.grundschule-sasbach.de\/wp\/wp-content\/uploads\/2024\/08\/Die-Wuensche-fliegen-davon.jpg 800w\" sizes=\"auto, (max-width: 300px) 100vw, 300px\" \/><\/a><\/p>\n<p><span style=\"font-size: 14pt; color: #00ccff;\">Macht\u00b4s gut liebe 4. Kl\u00e4ssler und liebe Katharina viel Gl\u00fcck in der neuen Schule und den weiteren Lebensweg&#8230; <a href=\"https:\/\/www.grundschule-sasbach.de\/wp\/wp-content\/uploads\/2021\/07\/Herz-Kl.-4.jpg\"><img loading=\"lazy\" decoding=\"async\" class=\"alignnone size-medium wp-image-5642\" src=\"https:\/\/www.grundschule-sasbach.de\/wp\/wp-content\/uploads\/2021\/07\/Herz-Kl.-4-300x200.jpg\" alt=\"\" width=\"300\" height=\"200\" srcset=\"https:\/\/www.grundschule-sasbach.de\/wp\/wp-content\/uploads\/2021\/07\/Herz-Kl.-4-300x200.jpg 300w, https:\/\/www.grundschule-sasbach.de\/wp\/wp-content\/uploads\/2021\/07\/Herz-Kl.-4-768x512.jpg 768w, https:\/\/www.grundschule-sasbach.de\/wp\/wp-content\/uploads\/2021\/07\/Herz-Kl.-4.jpg 800w\" sizes=\"auto, (max-width: 300px) 100vw, 300px\" \/><\/a><br \/>\n<\/span><\/p>\n<p>&nbsp;<\/p>\n<p><a href=\"https:\/\/www.grundschule-sasbach.de\/wp\/wp-content\/uploads\/2024\/08\/KLasse-4.jpg\"><img loading=\"lazy\" decoding=\"async\" class=\"alignnone size-medium wp-image-6727\" src=\"https:\/\/www.grundschule-sasbach.de\/wp\/wp-content\/uploads\/2024\/08\/KLasse-4-300x194.jpg\" alt=\"\" width=\"300\" height=\"194\" srcset=\"https:\/\/www.grundschule-sasbach.de\/wp\/wp-content\/uploads\/2024\/08\/KLasse-4-300x194.jpg 300w, https:\/\/www.grundschule-sasbach.de\/wp\/wp-content\/uploads\/2024\/08\/KLasse-4-1024x662.jpg 1024w, https:\/\/www.grundschule-sasbach.de\/wp\/wp-content\/uploads\/2024\/08\/KLasse-4-768x497.jpg 768w, https:\/\/www.grundschule-sasbach.de\/wp\/wp-content\/uploads\/2024\/08\/KLasse-4.jpg 1263w\" sizes=\"auto, (max-width: 300px) 100vw, 300px\" \/> Foto: Fotograf Herr Sch\u00e4tzle<\/a><\/p>\n","protected":false},"excerpt":{"rendered":"<p>Am Samstag, den 20. Juli 2024 war die Abschulssfeier unserer 4. Kl\u00e4ssler mit Eltern, Geschwistern und G\u00e4sten. Zuerst spielten die Theaterkinder das Theaterst\u00fcck : Die Stunkies&#8220; Die STUINKIES, widerliche kleine, gr\u00fcne Monster \u2013 f\u00fcr Menschen unsichtbar \u2013 schleichen sich in die Schule und stiften die Kinder zu Streitereien, ja sogar zu Schl\u00e4gereien an. Sie fl\u00fcstern &hellip; <a href=\"https:\/\/www.grundschule-sasbach.de\/wp\/?page_id=6678\" class=\"more-link\"><span class=\"screen-reader-text\">Abschluss<\/span> weiterlesen <span class=\"meta-nav\">&rarr;<\/span><\/a><\/p>\n","protected":false},"author":4,"featured_media":0,"parent":6732,"menu_order":18,"comment_status":"closed","ping_status":"closed","template":"","meta":{"footnotes":""},"class_list":["post-6678","page","type-page","status-publish","hentry"],"_links":{"self":[{"href":"https:\/\/www.grundschule-sasbach.de\/wp\/index.php?rest_route=\/wp\/v2\/pages\/6678","targetHints":{"allow":["GET"]}}],"collection":[{"href":"https:\/\/www.grundschule-sasbach.de\/wp\/index.php?rest_route=\/wp\/v2\/pages"}],"about":[{"href":"https:\/\/www.grundschule-sasbach.de\/wp\/index.php?rest_route=\/wp\/v2\/types\/page"}],"author":[{"embeddable":true,"href":"https:\/\/www.grundschule-sasbach.de\/wp\/index.php?rest_route=\/wp\/v2\/users\/4"}],"replies":[{"embeddable":true,"href":"https:\/\/www.grundschule-sasbach.de\/wp\/index.php?rest_route=%2Fwp%2Fv2%2Fcomments&post=6678"}],"version-history":[{"count":7,"href":"https:\/\/www.grundschule-sasbach.de\/wp\/index.php?rest_route=\/wp\/v2\/pages\/6678\/revisions"}],"predecessor-version":[{"id":6728,"href":"https:\/\/www.grundschule-sasbach.de\/wp\/index.php?rest_route=\/wp\/v2\/pages\/6678\/revisions\/6728"}],"up":[{"embeddable":true,"href":"https:\/\/www.grundschule-sasbach.de\/wp\/index.php?rest_route=\/wp\/v2\/pages\/6732"}],"wp:attachment":[{"href":"https:\/\/www.grundschule-sasbach.de\/wp\/index.php?rest_route=%2Fwp%2Fv2%2Fmedia&parent=6678"}],"curies":[{"name":"wp","href":"https:\/\/api.w.org\/{rel}","templated":true}]}}

<p>Am Samstag, den 20. Juli 2024 war die Abschulssfeier unserer 4. Klässler mit Eltern, Geschwistern und Gästen.</p>
<p>Zuerst spielten die Theaterkinder das Theaterstück : Die Stunkies&#8220;</p>
<p>Die STUINKIES, widerliche kleine, grüne Monster – für Menschen unsichtbar – schleichen sich in die Schule und stiften die Kinder zu Streitereien, ja sogar zu Schlägereien an. Sie flüstern ihren Opfern Unverschämtheiten und Schimpfwörter ins Ohr und provozieren Ärger, schlechte Stimmung und ständige Auseinandersetzungen. Nicht einmal die Lehrerin Frau Bömmel bleibet verschont.</p>
<p>Der Versuch der „Stunkies“, aus allen Schülern kleine Stänkerer zu machen, scheiterte jedoch, als Anne, eine neue Mitschülerin in die Klasse kommt.</p>
<p>Am Ende merken alle, auch die Lehrerin, dass ein der nette Umgang miteinander schöner ist als Stunk und Streit….</p>
<p>Die Vorführung war super ! <a href="https://www.grundschule-sasbach.de/wp/wp-content/uploads/2024/07/Alle-Stunkies-H.jpg"><img loading="lazy" decoding="async" class="alignnone size-medium wp-image-6708" src="https://www.grundschule-sasbach.de/wp/wp-content/uploads/2024/07/Alle-Stunkies-H-300x147.jpg" alt="" width="300" height="147" srcset="https://www.grundschule-sasbach.de/wp/wp-content/uploads/2024/07/Alle-Stunkies-H-300x147.jpg 300w, https://www.grundschule-sasbach.de/wp/wp-content/uploads/2024/07/Alle-Stunkies-H.jpg 742w" sizes="auto, (max-width: 300px) 100vw, 300px" /></a> <a href="https://www.grundschule-sasbach.de/wp/wp-content/uploads/2024/07/TANZ-H.jpg"><img loading="lazy" decoding="async" class="alignnone size-medium wp-image-6709" src="https://www.grundschule-sasbach.de/wp/wp-content/uploads/2024/07/TANZ-H-300x129.jpg" alt="" width="300" height="129" srcset="https://www.grundschule-sasbach.de/wp/wp-content/uploads/2024/07/TANZ-H-300x129.jpg 300w, https://www.grundschule-sasbach.de/wp/wp-content/uploads/2024/07/TANZ-H-768x331.jpg 768w, https://www.grundschule-sasbach.de/wp/wp-content/uploads/2024/07/TANZ-H.jpg 774w" sizes="auto, (max-width: 300px) 100vw, 300px" /></a></p>
<p>Am Ende haben dann alle noch zusammen getanzt und ein schönes Abschiedslied gesungen.</p>
<p>Es war ein schöner Abend&#8230;</p>
<p>Und dann kam am Mittwoch der letze Schultag.</p>
<p>Ein schöner, aber auch ein trauriger Tag&#8230;. der LETZTE GRUNDSCHULTAG.</p>
<p>Zuerst führten die 2. Klässler ihr tolles Piratentheaterstück in der Limburghalle vor. Danach wurde im Hof getanzt und gesungen. Die 3. Klässler hatten Herzchen mit Wünschen für die 4. Klässler und für unsere FSJ Katharina  vorbereitet, gemeinsam wurden die Wünsche in den Himmel geschickt&#8230;.<a href="https://www.grundschule-sasbach.de/wp/wp-content/uploads/2024/08/Piratentheater-Klasse-2.jpg"><img loading="lazy" decoding="async" class="alignnone size-medium wp-image-6723" src="https://www.grundschule-sasbach.de/wp/wp-content/uploads/2024/08/Piratentheater-Klasse-2-300x179.jpg" alt="" width="300" height="179" srcset="https://www.grundschule-sasbach.de/wp/wp-content/uploads/2024/08/Piratentheater-Klasse-2-300x179.jpg 300w, https://www.grundschule-sasbach.de/wp/wp-content/uploads/2024/08/Piratentheater-Klasse-2-768x458.jpg 768w, https://www.grundschule-sasbach.de/wp/wp-content/uploads/2024/08/Piratentheater-Klasse-2.jpg 798w" sizes="auto, (max-width: 300px) 100vw, 300px" /></a><a href="https://www.grundschule-sasbach.de/wp/wp-content/uploads/2024/08/Abschluss-im-HOf.jpg"><img loading="lazy" decoding="async" class="alignnone size-medium wp-image-6722" src="https://www.grundschule-sasbach.de/wp/wp-content/uploads/2024/08/Abschluss-im-HOf-300x225.jpg" alt="" width="300" height="225" srcset="https://www.grundschule-sasbach.de/wp/wp-content/uploads/2024/08/Abschluss-im-HOf-300x225.jpg 300w, https://www.grundschule-sasbach.de/wp/wp-content/uploads/2024/08/Abschluss-im-HOf-768x576.jpg 768w, https://www.grundschule-sasbach.de/wp/wp-content/uploads/2024/08/Abschluss-im-HOf.jpg 800w" sizes="auto, (max-width: 300px) 100vw, 300px" /></a></p>
<p>&nbsp;</p>
<p><a href="https://www.grundschule-sasbach.de/wp/wp-content/uploads/2024/08/Wunsch-Luftballons-der-Klasse-3.jpg"><img loading="lazy" decoding="async" class="alignnone size-medium wp-image-6721" src="https://www.grundschule-sasbach.de/wp/wp-content/uploads/2024/08/Wunsch-Luftballons-der-Klasse-3-300x225.jpg" alt="" width="300" height="225" srcset="https://www.grundschule-sasbach.de/wp/wp-content/uploads/2024/08/Wunsch-Luftballons-der-Klasse-3-300x225.jpg 300w, https://www.grundschule-sasbach.de/wp/wp-content/uploads/2024/08/Wunsch-Luftballons-der-Klasse-3-768x576.jpg 768w, https://www.grundschule-sasbach.de/wp/wp-content/uploads/2024/08/Wunsch-Luftballons-der-Klasse-3.jpg 800w" sizes="auto, (max-width: 300px) 100vw, 300px" /></a><a href="https://www.grundschule-sasbach.de/wp/wp-content/uploads/2024/08/Die-Wuensche-fliegen-davon.jpg"><img loading="lazy" decoding="async" class="alignnone size-medium wp-image-6720" src="https://www.grundschule-sasbach.de/wp/wp-content/uploads/2024/08/Die-Wuensche-fliegen-davon-300x225.jpg" alt="" width="300" height="225" srcset="https://www.grundschule-sasbach.de/wp/wp-content/uploads/2024/08/Die-Wuensche-fliegen-davon-300x225.jpg 300w, https://www.grundschule-sasbach.de/wp/wp-content/uploads/2024/08/Die-Wuensche-fliegen-davon-768x576.jpg 768w, https://www.grundschule-sasbach.de/wp/wp-content/uploads/2024/08/Die-Wuensche-fliegen-davon.jpg 800w" sizes="auto, (max-width: 300px) 100vw, 300px" /></a></p>
<p><span style="font-size: 14pt; color: #00ccff;">Macht´s gut liebe 4. Klässler und liebe Katharina viel Glück in der neuen Schule und den weiteren Lebensweg&#8230; <a href="https://www.grundschule-sasbach.de/wp/wp-content/uploads/2021/07/Herz-Kl.-4.jpg"><img loading="lazy" decoding="async" class="alignnone size-medium wp-image-5642" src="https://www.grundschule-sasbach.de/wp/wp-content/uploads/2021/07/Herz-Kl.-4-300x200.jpg" alt="" width="300" height="200" srcset="https://www.grundschule-sasbach.de/wp/wp-content/uploads/2021/07/Herz-Kl.-4-300x200.jpg 300w, https://www.grundschule-sasbach.de/wp/wp-content/uploads/2021/07/Herz-Kl.-4-768x512.jpg 768w, https://www.grundschule-sasbach.de/wp/wp-content/uploads/2021/07/Herz-Kl.-4.jpg 800w" sizes="auto, (max-width: 300px) 100vw, 300px" /></a><br />
</span></p>
<p>&nbsp;</p>
<p><a href="https://www.grundschule-sasbach.de/wp/wp-content/uploads/2024/08/KLasse-4.jpg"><img loading="lazy" decoding="async" class="alignnone size-medium wp-image-6727" src="https://www.grundschule-sasbach.de/wp/wp-content/uploads/2024/08/KLasse-4-300x194.jpg" alt="" width="300" height="194" srcset="https://www.grundschule-sasbach.de/wp/wp-content/uploads/2024/08/KLasse-4-300x194.jpg 300w, https://www.grundschule-sasbach.de/wp/wp-content/uploads/2024/08/KLasse-4-1024x662.jpg 1024w, https://www.grundschule-sasbach.de/wp/wp-content/uploads/2024/08/KLasse-4-768x497.jpg 768w, https://www.grundschule-sasbach.de/wp/wp-content/uploads/2024/08/KLasse-4.jpg 1263w" sizes="auto, (max-width: 300px) 100vw, 300px" /> Foto: Fotograf Herr Schätzle</a></p>

<p>Am Samstag, den 20. Juli 2024 war die Abschulssfeier unserer 4. Klässler mit Eltern, Geschwistern und Gästen. Zuerst spielten die Theaterkinder das Theaterstück : Die Stunkies&#8220; Die STUINKIES, widerliche kleine, grüne Monster – für Menschen unsichtbar – schleichen sich in die Schule und stiften die Kinder zu Streitereien, ja sogar zu Schlägereien an. Sie flüstern &hellip; <a href="https://www.grundschule-sasbach.de/wp/?page_id=6678" class="more-link"><span class="screen-reader-text">Abschluss</span> weiterlesen <span class="meta-nav">&rarr;</span></a></p>
