{"id":7065,"date":"2025-05-26T14:58:29","date_gmt":"2025-05-26T12:58:29","guid":{"rendered":"https:\/\/www.grundschule-sasbach.de\/wp\/?page_id=7065"},"modified":"2025-09-17T10:30:12","modified_gmt":"2025-09-17T08:30:12","slug":"chor","status":"publish","type":"page","link":"https:\/\/www.grundschule-sasbach.de\/wp\/?page_id=7065","title":{"rendered":"CHOR"},"content":{"rendered":"<p>Zusammen mit dem Gesangverein Sponeck Jechtingen trat unser Schulchor sowie weitere singfreudige Kinder am 17. Mai 2025 unter der Leitung von Andrea Person gemeinsam bei &#8222;Sing Mai Song&#8220; auf.<\/p>\n<p>Es war ein sch\u00f6ner gesanglicher Abend. Musikalisch wurden wir dabei auch noch vom Mandolinenverein Jechtingen unterst\u00fctzt.<\/p>\n<p><a href=\"https:\/\/www.grundschule-sasbach.de\/wp\/wp-content\/uploads\/2025\/05\/Die-Chorkinder-beim-Singen.jpg\"><img loading=\"lazy\" decoding=\"async\" class=\"alignnone size-thumbnail wp-image-7067\" src=\"https:\/\/www.grundschule-sasbach.de\/wp\/wp-content\/uploads\/2025\/05\/Die-Chorkinder-beim-Singen-150x150.jpg\" alt=\"\" width=\"150\" height=\"150\" \/><\/a><a href=\"https:\/\/www.grundschule-sasbach.de\/wp\/wp-content\/uploads\/2025\/05\/Das-Programm.jpg\"><img loading=\"lazy\" decoding=\"async\" class=\"alignnone size-thumbnail wp-image-7069\" src=\"https:\/\/www.grundschule-sasbach.de\/wp\/wp-content\/uploads\/2025\/05\/Das-Programm-150x150.jpg\" alt=\"\" width=\"150\" height=\"150\" \/><\/a> <a href=\"https:\/\/www.grundschule-sasbach.de\/wp\/wp-content\/uploads\/2025\/05\/Unser-Schulchor.jpg\"><img loading=\"lazy\" decoding=\"async\" class=\"alignnone size-thumbnail wp-image-7070\" src=\"https:\/\/www.grundschule-sasbach.de\/wp\/wp-content\/uploads\/2025\/05\/Unser-Schulchor-150x150.jpg\" alt=\"\" width=\"150\" height=\"150\" \/><\/a><\/p>\n<p><span style=\"font-size: 14pt; color: #ff6600;\">DANKE ! Es hat sehr viel Spa\u00df gemacht&#8230;<\/span><\/p>\n<p>&nbsp;<\/p>\n<p>&nbsp;<\/p>\n<p>&nbsp;<\/p>\n","protected":false},"excerpt":{"rendered":"<p>Zusammen mit dem Gesangverein Sponeck Jechtingen trat unser Schulchor sowie weitere singfreudige Kinder am 17. Mai 2025 unter der Leitung von Andrea Person gemeinsam bei &#8222;Sing Mai Song&#8220; auf. Es war ein sch\u00f6ner gesanglicher Abend. Musikalisch wurden wir dabei auch noch vom Mandolinenverein Jechtingen unterst\u00fctzt. DANKE ! Es hat sehr viel Spa\u00df gemacht&#8230; &nbsp; &nbsp; &hellip; <a href=\"https:\/\/www.grundschule-sasbach.de\/wp\/?page_id=7065\" class=\"more-link\"><span class=\"screen-reader-text\">CHOR<\/span> weiterlesen <span class=\"meta-nav\">&rarr;<\/span><\/a><\/p>\n","protected":false},"author":4,"featured_media":0,"parent":7207,"menu_order":11,"comment_status":"closed","ping_status":"closed","template":"","meta":{"footnotes":""},"class_list":["post-7065","page","type-page","status-publish","hentry"],"_links":{"self":[{"href":"https:\/\/www.grundschule-sasbach.de\/wp\/index.php?rest_route=\/wp\/v2\/pages\/7065","targetHints":{"allow":["GET"]}}],"collection":[{"href":"https:\/\/www.grundschule-sasbach.de\/wp\/index.php?rest_route=\/wp\/v2\/pages"}],"about":[{"href":"https:\/\/www.grundschule-sasbach.de\/wp\/index.php?rest_route=\/wp\/v2\/types\/page"}],"author":[{"embeddable":true,"href":"https:\/\/www.grundschule-sasbach.de\/wp\/index.php?rest_route=\/wp\/v2\/users\/4"}],"replies":[{"embeddable":true,"href":"https:\/\/www.grundschule-sasbach.de\/wp\/index.php?rest_route=%2Fwp%2Fv2%2Fcomments&post=7065"}],"version-history":[{"count":4,"href":"https:\/\/www.grundschule-sasbach.de\/wp\/index.php?rest_route=\/wp\/v2\/pages\/7065\/revisions"}],"predecessor-version":[{"id":7072,"href":"https:\/\/www.grundschule-sasbach.de\/wp\/index.php?rest_route=\/wp\/v2\/pages\/7065\/revisions\/7072"}],"up":[{"embeddable":true,"href":"https:\/\/www.grundschule-sasbach.de\/wp\/index.php?rest_route=\/wp\/v2\/pages\/7207"}],"wp:attachment":[{"href":"https:\/\/www.grundschule-sasbach.de\/wp\/index.php?rest_route=%2Fwp%2Fv2%2Fmedia&parent=7065"}],"curies":[{"name":"wp","href":"https:\/\/api.w.org\/{rel}","templated":true}]}}

<p>Zusammen mit dem Gesangverein Sponeck Jechtingen trat unser Schulchor sowie weitere singfreudige Kinder am 17. Mai 2025 unter der Leitung von Andrea Person gemeinsam bei &#8222;Sing Mai Song&#8220; auf.</p>
<p>Es war ein schöner gesanglicher Abend. Musikalisch wurden wir dabei auch noch vom Mandolinenverein Jechtingen unterstützt.</p>
<p><a href="https://www.grundschule-sasbach.de/wp/wp-content/uploads/2025/05/Die-Chorkinder-beim-Singen.jpg"><img loading="lazy" decoding="async" class="alignnone size-thumbnail wp-image-7067" src="https://www.grundschule-sasbach.de/wp/wp-content/uploads/2025/05/Die-Chorkinder-beim-Singen-150x150.jpg" alt="" width="150" height="150" /></a><a href="https://www.grundschule-sasbach.de/wp/wp-content/uploads/2025/05/Das-Programm.jpg"><img loading="lazy" decoding="async" class="alignnone size-thumbnail wp-image-7069" src="https://www.grundschule-sasbach.de/wp/wp-content/uploads/2025/05/Das-Programm-150x150.jpg" alt="" width="150" height="150" /></a> <a href="https://www.grundschule-sasbach.de/wp/wp-content/uploads/2025/05/Unser-Schulchor.jpg"><img loading="lazy" decoding="async" class="alignnone size-thumbnail wp-image-7070" src="https://www.grundschule-sasbach.de/wp/wp-content/uploads/2025/05/Unser-Schulchor-150x150.jpg" alt="" width="150" height="150" /></a></p>
<p><span style="font-size: 14pt; color: #ff6600;">DANKE ! Es hat sehr viel Spaß gemacht&#8230;</span></p>
<p>&nbsp;</p>
<p>&nbsp;</p>
<p>&nbsp;</p>

<p>Zusammen mit dem Gesangverein Sponeck Jechtingen trat unser Schulchor sowie weitere singfreudige Kinder am 17. Mai 2025 unter der Leitung von Andrea Person gemeinsam bei &#8222;Sing Mai Song&#8220; auf. Es war ein schöner gesanglicher Abend. Musikalisch wurden wir dabei auch noch vom Mandolinenverein Jechtingen unterstützt. DANKE ! Es hat sehr viel Spaß gemacht&#8230; &nbsp; &nbsp; &hellip; <a href="https://www.grundschule-sasbach.de/wp/?page_id=7065" class="more-link"><span class="screen-reader-text">CHOR</span> weiterlesen <span class="meta-nav">&rarr;</span></a></p>
