{"id":7169,"date":"2025-07-29T09:17:39","date_gmt":"2025-07-29T07:17:39","guid":{"rendered":"https:\/\/www.grundschule-sasbach.de\/wp\/?page_id=7169"},"modified":"2025-09-17T10:30:12","modified_gmt":"2025-09-17T08:30:12","slug":"abschluss","status":"publish","type":"page","link":"https:\/\/www.grundschule-sasbach.de\/wp\/?page_id=7169","title":{"rendered":"ABSCHIED"},"content":{"rendered":"<p><span style=\"color: #ff0000;\">Man geht immer mit einem lachenden Auge und mit einem weinenden\u2026<\/span><\/p>\n<div class=\"entry-content\">\n<p>Die Verabschiedung der 4. Kl\u00e4ssler war schon am letzten Samstag vor den Sommerferien.<\/p>\n<p>Gespielt wurde das Theaterst\u00fcck: &#8222;Bonny, das unerschrockene Piratenm\u00e4dchen&#8220;. Es war eine tolle Auff\u00fchrung, auch wenn sie wegen Regen nicht auf unserem Piratenschiff stattfinden konnte.<\/p>\n<p><a href=\"https:\/\/www.grundschule-sasbach.de\/wp\/wp-content\/uploads\/2025\/07\/Alle-KInder-auf-dem-Schiff-H-1.jpg\"><img loading=\"lazy\" decoding=\"async\" class=\"alignnone size-thumbnail wp-image-7175\" src=\"https:\/\/www.grundschule-sasbach.de\/wp\/wp-content\/uploads\/2025\/07\/Alle-KInder-auf-dem-Schiff-H-1-150x150.jpg\" alt=\"\" width=\"150\" height=\"150\" \/><\/a> <a href=\"https:\/\/www.grundschule-sasbach.de\/wp\/wp-content\/uploads\/2025\/07\/Auf-der-Buehne-lustig.jpg\"><img loading=\"lazy\" decoding=\"async\" class=\"alignnone size-thumbnail wp-image-7176\" src=\"https:\/\/www.grundschule-sasbach.de\/wp\/wp-content\/uploads\/2025\/07\/Auf-der-Buehne-lustig-150x150.jpg\" alt=\"\" width=\"150\" height=\"150\" \/><\/a><\/p>\n<p>Von den Eltern haben wir f\u00fcr alle ein Buch-Tauschh\u00e4uschen bekommen.<\/p>\n<p>DANKE \u2013 was f\u00fcr ein tolles Gemeinschaftsgeschenk&#8230;.<a href=\"https:\/\/www.grundschule-sasbach.de\/wp\/wp-content\/uploads\/2025\/06\/Herz-4.jpg\"><img loading=\"lazy\" decoding=\"async\" class=\"alignnone wp-image-7109\" src=\"https:\/\/www.grundschule-sasbach.de\/wp\/wp-content\/uploads\/2025\/06\/Herz-4-150x150.jpg\" alt=\"\" width=\"49\" height=\"49\" \/><\/a><\/p>\n<p><a href=\"https:\/\/www.grundschule-sasbach.de\/wp\/wp-content\/uploads\/2025\/07\/Buecher-Tausch-Haeusle.jpg\"><img loading=\"lazy\" decoding=\"async\" class=\"alignnone size-thumbnail wp-image-7177\" src=\"https:\/\/www.grundschule-sasbach.de\/wp\/wp-content\/uploads\/2025\/07\/Buecher-Tausch-Haeusle-150x150.jpg\" alt=\"\" width=\"150\" height=\"150\" \/><\/a><\/p>\n<p>Am letztzen Schultag fand die Abschiedsfeier witterungsbedingt in der Limburghalle statt.<\/p>\n<p>Neben den 4. Kl\u00e4sslern und dem FSJ hatten wir noch zwei weitere Verabschiedungen: Frau Pfefferle wechselt an eine andere Schule und <span style=\"color: #ff6600;\">Frau M\u00fcller geht nach 11 Jahren zur\u00fcck zu den Wurzeln-als Schulleitung nach Wagenstadt.<\/span><\/p>\n<h6><span style=\"color: #ff6600;\"><strong>&#8222;DANKE f\u00fcr die sch\u00f6ne Zeit mit DIR&#8220; <a href=\"https:\/\/www.grundschule-sasbach.de\/wp\/wp-content\/uploads\/2025\/07\/Abschied-Melanie.jpeg\"><img loading=\"lazy\" decoding=\"async\" class=\"alignnone size-thumbnail wp-image-7192\" src=\"https:\/\/www.grundschule-sasbach.de\/wp\/wp-content\/uploads\/2025\/07\/Abschied-Melanie-150x150.jpeg\" alt=\"\" width=\"150\" height=\"150\" \/><\/a> <a href=\"https:\/\/www.grundschule-sasbach.de\/wp\/wp-content\/uploads\/2025\/07\/Abschiedc-Melanie-mit-Kollegen.jpeg\"><img loading=\"lazy\" decoding=\"async\" class=\"alignnone size-thumbnail wp-image-7193\" src=\"https:\/\/www.grundschule-sasbach.de\/wp\/wp-content\/uploads\/2025\/07\/Abschiedc-Melanie-mit-Kollegen-150x150.jpeg\" alt=\"\" width=\"150\" height=\"150\" \/><\/a><\/strong><\/span><\/h6>\n<p><a href=\"https:\/\/www.grundschule-sasbach.de\/wp\/wp-content\/uploads\/2025\/07\/Letzter-Schultag-Klasse-4.jpg\"><img loading=\"lazy\" decoding=\"async\" class=\"alignnone size-thumbnail wp-image-7190\" src=\"https:\/\/www.grundschule-sasbach.de\/wp\/wp-content\/uploads\/2025\/07\/Letzter-Schultag-Klasse-4-150x150.jpg\" alt=\"\" width=\"150\" height=\"150\" \/><\/a><\/p>\n<\/div>\n","protected":false},"excerpt":{"rendered":"<p>Man geht immer mit einem lachenden Auge und mit einem weinenden\u2026 Die Verabschiedung der 4. Kl\u00e4ssler war schon am letzten Samstag vor den Sommerferien. Gespielt wurde das Theaterst\u00fcck: &#8222;Bonny, das unerschrockene Piratenm\u00e4dchen&#8220;. Es war eine tolle Auff\u00fchrung, auch wenn sie wegen Regen nicht auf unserem Piratenschiff stattfinden konnte. Von den Eltern haben wir f\u00fcr alle &hellip; <a href=\"https:\/\/www.grundschule-sasbach.de\/wp\/?page_id=7169\" class=\"more-link\"><span class=\"screen-reader-text\">ABSCHIED<\/span> weiterlesen <span class=\"meta-nav\">&rarr;<\/span><\/a><\/p>\n","protected":false},"author":4,"featured_media":0,"parent":7207,"menu_order":17,"comment_status":"closed","ping_status":"closed","template":"","meta":{"footnotes":""},"class_list":["post-7169","page","type-page","status-publish","hentry"],"_links":{"self":[{"href":"https:\/\/www.grundschule-sasbach.de\/wp\/index.php?rest_route=\/wp\/v2\/pages\/7169","targetHints":{"allow":["GET"]}}],"collection":[{"href":"https:\/\/www.grundschule-sasbach.de\/wp\/index.php?rest_route=\/wp\/v2\/pages"}],"about":[{"href":"https:\/\/www.grundschule-sasbach.de\/wp\/index.php?rest_route=\/wp\/v2\/types\/page"}],"author":[{"embeddable":true,"href":"https:\/\/www.grundschule-sasbach.de\/wp\/index.php?rest_route=\/wp\/v2\/users\/4"}],"replies":[{"embeddable":true,"href":"https:\/\/www.grundschule-sasbach.de\/wp\/index.php?rest_route=%2Fwp%2Fv2%2Fcomments&post=7169"}],"version-history":[{"count":8,"href":"https:\/\/www.grundschule-sasbach.de\/wp\/index.php?rest_route=\/wp\/v2\/pages\/7169\/revisions"}],"predecessor-version":[{"id":7194,"href":"https:\/\/www.grundschule-sasbach.de\/wp\/index.php?rest_route=\/wp\/v2\/pages\/7169\/revisions\/7194"}],"up":[{"embeddable":true,"href":"https:\/\/www.grundschule-sasbach.de\/wp\/index.php?rest_route=\/wp\/v2\/pages\/7207"}],"wp:attachment":[{"href":"https:\/\/www.grundschule-sasbach.de\/wp\/index.php?rest_route=%2Fwp%2Fv2%2Fmedia&parent=7169"}],"curies":[{"name":"wp","href":"https:\/\/api.w.org\/{rel}","templated":true}]}}

<p><span style="color: #ff0000;">Man geht immer mit einem lachenden Auge und mit einem weinenden…</span></p>
<div class="entry-content">
<p>Die Verabschiedung der 4. Klässler war schon am letzten Samstag vor den Sommerferien.</p>
<p>Gespielt wurde das Theaterstück: &#8222;Bonny, das unerschrockene Piratenmädchen&#8220;. Es war eine tolle Aufführung, auch wenn sie wegen Regen nicht auf unserem Piratenschiff stattfinden konnte.</p>
<p><a href="https://www.grundschule-sasbach.de/wp/wp-content/uploads/2025/07/Alle-KInder-auf-dem-Schiff-H-1.jpg"><img loading="lazy" decoding="async" class="alignnone size-thumbnail wp-image-7175" src="https://www.grundschule-sasbach.de/wp/wp-content/uploads/2025/07/Alle-KInder-auf-dem-Schiff-H-1-150x150.jpg" alt="" width="150" height="150" /></a> <a href="https://www.grundschule-sasbach.de/wp/wp-content/uploads/2025/07/Auf-der-Buehne-lustig.jpg"><img loading="lazy" decoding="async" class="alignnone size-thumbnail wp-image-7176" src="https://www.grundschule-sasbach.de/wp/wp-content/uploads/2025/07/Auf-der-Buehne-lustig-150x150.jpg" alt="" width="150" height="150" /></a></p>
<p>Von den Eltern haben wir für alle ein Buch-Tauschhäuschen bekommen.</p>
<p>DANKE – was für ein tolles Gemeinschaftsgeschenk&#8230;.<a href="https://www.grundschule-sasbach.de/wp/wp-content/uploads/2025/06/Herz-4.jpg"><img loading="lazy" decoding="async" class="alignnone wp-image-7109" src="https://www.grundschule-sasbach.de/wp/wp-content/uploads/2025/06/Herz-4-150x150.jpg" alt="" width="49" height="49" /></a></p>
<p><a href="https://www.grundschule-sasbach.de/wp/wp-content/uploads/2025/07/Buecher-Tausch-Haeusle.jpg"><img loading="lazy" decoding="async" class="alignnone size-thumbnail wp-image-7177" src="https://www.grundschule-sasbach.de/wp/wp-content/uploads/2025/07/Buecher-Tausch-Haeusle-150x150.jpg" alt="" width="150" height="150" /></a></p>
<p>Am letztzen Schultag fand die Abschiedsfeier witterungsbedingt in der Limburghalle statt.</p>
<p>Neben den 4. Klässlern und dem FSJ hatten wir noch zwei weitere Verabschiedungen: Frau Pfefferle wechselt an eine andere Schule und <span style="color: #ff6600;">Frau Müller geht nach 11 Jahren zurück zu den Wurzeln-als Schulleitung nach Wagenstadt.</span></p>
<h6><span style="color: #ff6600;"><strong>&#8222;DANKE für die schöne Zeit mit DIR&#8220; <a href="https://www.grundschule-sasbach.de/wp/wp-content/uploads/2025/07/Abschied-Melanie.jpeg"><img loading="lazy" decoding="async" class="alignnone size-thumbnail wp-image-7192" src="https://www.grundschule-sasbach.de/wp/wp-content/uploads/2025/07/Abschied-Melanie-150x150.jpeg" alt="" width="150" height="150" /></a> <a href="https://www.grundschule-sasbach.de/wp/wp-content/uploads/2025/07/Abschiedc-Melanie-mit-Kollegen.jpeg"><img loading="lazy" decoding="async" class="alignnone size-thumbnail wp-image-7193" src="https://www.grundschule-sasbach.de/wp/wp-content/uploads/2025/07/Abschiedc-Melanie-mit-Kollegen-150x150.jpeg" alt="" width="150" height="150" /></a></strong></span></h6>
<p><a href="https://www.grundschule-sasbach.de/wp/wp-content/uploads/2025/07/Letzter-Schultag-Klasse-4.jpg"><img loading="lazy" decoding="async" class="alignnone size-thumbnail wp-image-7190" src="https://www.grundschule-sasbach.de/wp/wp-content/uploads/2025/07/Letzter-Schultag-Klasse-4-150x150.jpg" alt="" width="150" height="150" /></a></p>
</div>

<p>Man geht immer mit einem lachenden Auge und mit einem weinenden… Die Verabschiedung der 4. Klässler war schon am letzten Samstag vor den Sommerferien. Gespielt wurde das Theaterstück: &#8222;Bonny, das unerschrockene Piratenmädchen&#8220;. Es war eine tolle Aufführung, auch wenn sie wegen Regen nicht auf unserem Piratenschiff stattfinden konnte. Von den Eltern haben wir für alle &hellip; <a href="https://www.grundschule-sasbach.de/wp/?page_id=7169" class="more-link"><span class="screen-reader-text">ABSCHIED</span> weiterlesen <span class="meta-nav">&rarr;</span></a></p>
